Last updated on 2024-04-25 00:55:57 CEST.
Flavor | Version | Tinstall | Tcheck | Ttotal | Status | Flags |
---|---|---|---|---|---|---|
r-devel-linux-x86_64-debian-clang | 1.0.0 | 51.28 | 522.64 | 573.92 | OK | |
r-devel-linux-x86_64-debian-gcc | 1.0.0 | 46.81 | 366.99 | 413.80 | OK | |
r-devel-linux-x86_64-fedora-clang | 1.0.0 | 698.33 | NOTE | |||
r-devel-linux-x86_64-fedora-gcc | 1.0.0 | 671.51 | OK | |||
r-devel-windows-x86_64 | 1.0.0 | 50.00 | 319.00 | 369.00 | OK | |
r-patched-linux-x86_64 | 1.0.0 | 40.50 | 486.85 | 527.35 | OK | |
r-release-linux-x86_64 | 1.0.0 | 53.93 | 497.34 | 551.27 | OK | |
r-release-macos-arm64 | 1.0.0 | 154.00 | OK | |||
r-release-windows-x86_64 | 1.0.0 | 46.00 | 310.00 | 356.00 | OK | |
r-oldrel-macos-arm64 | 1.0.0 | 144.00 | OK | |||
r-oldrel-macos-x86_64 | 1.0.0 | 466.00 | OK | |||
r-oldrel-windows-x86_64 | 1.0.0 | 63.00 | 413.00 | 476.00 | OK |
Version: 1.0.0
Check: Rd cross-references
Result: NOTE
Undeclared packages ‘palmerpenguins’, ‘readxl’ in Rd xrefs
Flavor: r-devel-linux-x86_64-fedora-clang