CRAN Package Check Results for Package gee

Last updated on 2021-10-19 16:50:31 CEST.

Flavor Version Tinstall Tcheck Ttotal Status Flags
r-devel-linux-x86_64-debian-clang 4.13-20 10.54 24.00 34.54 NOTE
r-devel-linux-x86_64-debian-gcc 4.13-20 3.20 18.08 21.28 NOTE
r-devel-linux-x86_64-fedora-clang 4.13-20 55.05 NOTE
r-devel-linux-x86_64-fedora-gcc 4.13-20 33.99 NOTE
r-devel-windows-x86_64 4.13-20 7.00 41.00 48.00 OK
r-devel-windows-x86_64-gcc10-UCRT 4.13-20 OK
r-patched-linux-x86_64 4.13-20 3.72 22.76 26.48 NOTE
r-patched-solaris-x86 4.13-20 52.60 OK
r-release-linux-x86_64 4.13-20 3.71 22.99 26.70 NOTE
r-release-macos-arm64 4.13-20 OK
r-release-macos-x86_64 4.13-20 OK
r-release-windows-ix86+x86_64 4.13-20 9.00 54.00 63.00 OK
r-oldrel-macos-x86_64 4.13-20 OK
r-oldrel-windows-ix86+x86_64 4.13-20 11.00 51.00 62.00 OK

Check Details

Version: 4.13-20
Check: top-level files
Result: NOTE
    Non-standard files/directories found at top level:
     'README.too' 'blurb'
Flavors: r-devel-linux-x86_64-debian-clang, r-devel-linux-x86_64-debian-gcc, r-devel-linux-x86_64-fedora-clang, r-devel-linux-x86_64-fedora-gcc, r-patched-linux-x86_64, r-release-linux-x86_64