Last updated on 2023-02-01 08:59:44 CET.
Flavor | Version | Tinstall | Tcheck | Ttotal | Status | Flags |
---|---|---|---|---|---|---|
r-devel-linux-x86_64-debian-clang | 1.1.1 | 6.29 | 348.37 | 354.66 | OK | |
r-devel-linux-x86_64-debian-gcc | 1.1.1 | 3.53 | 246.14 | 249.67 | OK | |
r-devel-linux-x86_64-fedora-clang | 1.1.1 | 402.84 | NOTE | |||
r-devel-linux-x86_64-fedora-gcc | 1.1.1 | 403.95 | NOTE | |||
r-devel-windows-x86_64 | 1.1.1 | 57.00 | 396.00 | 453.00 | OK | |
r-patched-linux-x86_64 | 1.1.1 | 5.63 | 316.32 | 321.95 | OK | |
r-release-linux-x86_64 | 1.1.1 | 4.71 | 306.13 | 310.84 | OK | |
r-release-macos-arm64 | 1.1.1 | 86.00 | NOTE | |||
r-release-macos-x86_64 | 1.1.1 | 124.00 | NOTE | |||
r-release-windows-x86_64 | 1.1.1 | 62.00 | 394.00 | 456.00 | OK | |
r-oldrel-macos-arm64 | 1.1.1 | 96.00 | NOTE | |||
r-oldrel-macos-x86_64 | 1.1.1 | 130.00 | NOTE | |||
r-oldrel-windows-ix86+x86_64 | 1.1.1 | 14.00 | 399.00 | 413.00 | OK |
Version: 1.1.1
Check: dependencies in R code
Result: NOTE
Namespace in Imports field not imported from: ‘rootSolve’
All declared Imports should be used.
Flavors: r-devel-linux-x86_64-fedora-clang, r-devel-linux-x86_64-fedora-gcc, r-release-macos-arm64, r-release-macos-x86_64, r-oldrel-macos-arm64, r-oldrel-macos-x86_64