Last updated on 2023-06-02 07:55:23 CEST.
Flavor | Version | Tinstall | Tcheck | Ttotal | Status | Flags |
---|---|---|---|---|---|---|
r-devel-linux-x86_64-debian-clang | 1.4 | 75.39 | 425.15 | 500.54 | NOTE | |
r-devel-linux-x86_64-debian-gcc | 1.4 | 57.00 | 313.59 | 370.59 | NOTE | |
r-devel-linux-x86_64-fedora-clang | 1.4 | 614.59 | NOTE | |||
r-devel-linux-x86_64-fedora-gcc | 1.4 | 611.23 | NOTE | |||
r-devel-windows-x86_64 | 1.4 | 55.00 | 278.00 | 333.00 | NOTE | |
r-patched-linux-x86_64 | 1.4 | NOTE | ||||
r-release-linux-x86_64 | 1.4 | 65.81 | 400.79 | 466.60 | NOTE | |
r-release-macos-arm64 | 1.4 | 148.00 | NOTE | |||
r-release-macos-x86_64 | 1.4 | 287.00 | NOTE | |||
r-release-windows-x86_64 | 1.4 | 73.00 | 385.00 | 458.00 | NOTE | |
r-oldrel-macos-arm64 | 1.4 | 120.00 | NOTE | |||
r-oldrel-macos-x86_64 | 1.4 | 167.00 | NOTE | |||
r-oldrel-windows-x86_64 | 1.4 | 74.00 | 390.00 | 464.00 | NOTE |
Version: 1.4
Check: C++ specification
Result: NOTE
Specified C++11: please drop specification unless essential
Flavors: r-devel-linux-x86_64-debian-clang, r-devel-linux-x86_64-debian-gcc, r-devel-linux-x86_64-fedora-clang, r-devel-linux-x86_64-fedora-gcc, r-devel-windows-x86_64, r-patched-linux-x86_64, r-release-linux-x86_64, r-release-macos-arm64, r-release-macos-x86_64, r-release-windows-x86_64
Version: 1.4
Check: Rd files
Result: NOTE
checkRd: (-1) plot_summary.Rd:14: Escaped LaTeX specials: \_
Flavors: r-devel-linux-x86_64-debian-clang, r-devel-linux-x86_64-debian-gcc, r-devel-linux-x86_64-fedora-clang, r-devel-linux-x86_64-fedora-gcc, r-devel-windows-x86_64, r-patched-linux-x86_64, r-release-linux-x86_64, r-release-macos-arm64, r-release-macos-x86_64, r-release-windows-x86_64
Version: 1.4
Check: installed package size
Result: NOTE
installed size is 5.5Mb
sub-directories of 1Mb or more:
doc 1.3Mb
extdata 3.5Mb
Flavors: r-devel-linux-x86_64-fedora-clang, r-devel-windows-x86_64, r-release-macos-arm64, r-release-macos-x86_64, r-release-windows-x86_64, r-oldrel-macos-arm64, r-oldrel-macos-x86_64, r-oldrel-windows-x86_64
Version: 1.4
Check: dependencies in R code
Result: NOTE
Namespace in Imports field not imported from: ‘sp’
All declared Imports should be used.
Flavors: r-devel-linux-x86_64-fedora-clang, r-devel-linux-x86_64-fedora-gcc, r-oldrel-macos-arm64, r-oldrel-macos-x86_64