CRAN Package Check Results for Package gen3sis

Last updated on 2024-02-25 16:51:42 CET.

Flavor Version Tinstall Tcheck Ttotal Status Flags
r-devel-linux-x86_64-debian-clang 1.5.11 76.82 418.03 494.85 OK
r-devel-linux-x86_64-debian-gcc 1.5.11 57.18 318.90 376.08 OK
r-devel-linux-x86_64-fedora-clang 1.5.11 620.27 NOTE
r-devel-linux-x86_64-fedora-gcc 1.5.11 623.54 OK
r-devel-windows-x86_64 1.5.11 59.00 290.00 349.00 NOTE
r-patched-linux-x86_64 1.5.11 70.99 409.39 480.38 OK
r-release-linux-x86_64 1.5.11 76.46 413.12 489.58 OK
r-release-macos-arm64 1.5.11 152.00 NOTE
r-release-macos-x86_64 1.5.11 581.00 NOTE
r-release-windows-x86_64 1.5.11 75.00 405.00 480.00 NOTE
r-oldrel-macos-arm64 1.5.11 154.00 NOTE
r-oldrel-windows-x86_64 1.5.11 71.00 366.00 437.00 NOTE

Check Details

Version: 1.5.11
Check: installed package size
Result: NOTE installed size is 5.7Mb sub-directories of 1Mb or more: doc 1.5Mb extdata 3.5Mb Flavors: r-devel-linux-x86_64-fedora-clang, r-devel-windows-x86_64, r-release-macos-arm64, r-release-macos-x86_64, r-release-windows-x86_64, r-oldrel-macos-arm64, r-oldrel-windows-x86_64