Last updated on 2024-04-19 01:04:32 CEST.
Flavor | Version | Tinstall | Tcheck | Ttotal | Status | Flags |
---|---|---|---|---|---|---|
r-devel-linux-x86_64-debian-clang | 1.5.11 | 73.84 | 453.60 | 527.44 | OK | |
r-devel-linux-x86_64-debian-gcc | 1.5.11 | 55.50 | 317.31 | 372.81 | OK | |
r-devel-linux-x86_64-fedora-clang | 1.5.11 | 639.76 | NOTE | |||
r-devel-linux-x86_64-fedora-gcc | 1.5.11 | 646.77 | OK | |||
r-prerel-macos-arm64 | 1.5.11 | 143.00 | NOTE | |||
r-prerel-windows-x86_64 | 1.5.11 | 60.00 | 282.00 | 342.00 | NOTE | |
r-patched-linux-x86_64 | 1.5.11 | 70.92 | 420.57 | 491.49 | OK | |
r-release-linux-x86_64 | 1.5.11 | 79.09 | 420.40 | 499.49 | OK | |
r-release-macos-arm64 | 1.5.11 | 152.00 | NOTE | |||
r-release-macos-x86_64 | 1.5.11 | 581.00 | NOTE | |||
r-release-windows-x86_64 | 1.5.11 | 77.00 | 389.00 | 466.00 | NOTE | |
r-oldrel-macos-arm64 | 1.5.11 | 154.00 | NOTE | |||
r-oldrel-windows-x86_64 | 1.5.11 | 73.00 | 375.00 | 448.00 | NOTE |
Version: 1.5.11
Check: installed package size
Result: NOTE
installed size is 5.7Mb
sub-directories of 1Mb or more:
doc 1.5Mb
extdata 3.5Mb
Flavors: r-devel-linux-x86_64-fedora-clang, r-prerel-macos-arm64, r-prerel-windows-x86_64, r-release-macos-arm64, r-release-macos-x86_64, r-release-windows-x86_64, r-oldrel-macos-arm64, r-oldrel-windows-x86_64