Last updated on 2023-06-05 16:54:55 CEST.
Flavor | Version | Tinstall | Tcheck | Ttotal | Status | Flags |
---|---|---|---|---|---|---|
r-devel-linux-x86_64-debian-clang | 1.2.6 | 1.28 | 2.18 | 3.46 | ERROR | |
r-devel-linux-x86_64-debian-gcc | 1.2.6 | 8.56 | 254.22 | 262.78 | OK | |
r-devel-linux-x86_64-fedora-clang | 1.2.6 | 382.26 | NOTE | |||
r-devel-linux-x86_64-fedora-gcc | 1.2.6 | 402.16 | OK | |||
r-devel-windows-x86_64 | 1.2.6 | 10.00 | 372.00 | 382.00 | OK | |
r-patched-linux-x86_64 | 1.2.6 | 9.53 | 303.18 | 312.71 | OK | |
r-release-linux-x86_64 | 1.2.6 | 8.10 | 305.87 | 313.97 | OK | |
r-release-macos-arm64 | 1.2.6 | 143.00 | OK | |||
r-release-macos-x86_64 | 1.2.6 | 192.00 | OK | |||
r-release-windows-x86_64 | 1.2.6 | 15.00 | 352.00 | 367.00 | OK | |
r-oldrel-macos-arm64 | 1.2.6 | 100.00 | OK | |||
r-oldrel-macos-x86_64 | 1.2.6 | 149.00 | OK | |||
r-oldrel-windows-x86_64 | 1.2.6 | 15.00 | 350.00 | 365.00 | OK |
Version: 1.2.6
Check: package dependencies
Result: ERROR
Package required but not available: ‘ggtree’
See section ‘The DESCRIPTION file’ in the ‘Writing R Extensions’
manual.
Flavor: r-devel-linux-x86_64-debian-clang
Version: 1.2.6
Check: package dependencies
Result: NOTE
Imports includes 22 non-default packages.
Importing from so many packages makes the package vulnerable to any of
them becoming unavailable. Move as many as possible to Suggests and
use conditionally.
Flavor: r-devel-linux-x86_64-fedora-clang