Last updated on 2024-03-27 23:59:44 CET.
Flavor | Version | Tinstall | Tcheck | Ttotal | Status | Flags |
---|---|---|---|---|---|---|
r-devel-linux-x86_64-debian-clang | 0.6.0 | 5.53 | 51.15 | 56.68 | NOTE | |
r-devel-linux-x86_64-debian-gcc | 0.6.0 | 3.96 | 38.96 | 42.92 | NOTE | |
r-devel-linux-x86_64-fedora-clang | 0.6.0 | 77.59 | NOTE | |||
r-devel-linux-x86_64-fedora-gcc | 0.6.0 | 80.29 | NOTE | |||
r-devel-windows-x86_64 | 0.6.0 | 5.00 | 57.00 | 62.00 | NOTE | |
r-patched-linux-x86_64 | 0.6.0 | 4.97 | 46.75 | 51.72 | NOTE | |
r-release-linux-x86_64 | 0.6.0 | 4.46 | 47.87 | 52.33 | NOTE | |
r-release-macos-arm64 | 0.6.0 | 31.00 | NOTE | |||
r-release-macos-x86_64 | 0.6.0 | 44.00 | NOTE | |||
r-release-windows-x86_64 | 0.6.0 | 7.00 | 62.00 | 69.00 | NOTE | |
r-oldrel-macos-arm64 | 0.6.0 | 25.00 | NOTE | |||
r-oldrel-windows-x86_64 | 0.6.0 | 7.00 | 68.00 | 75.00 | NOTE |
Version: 0.6.0
Check: package dependencies
Result: NOTE
Package suggested but not available for checking: ‘genderdata’
Flavors: r-devel-linux-x86_64-debian-clang, r-devel-linux-x86_64-debian-gcc, r-devel-linux-x86_64-fedora-clang, r-devel-linux-x86_64-fedora-gcc, r-devel-windows-x86_64, r-patched-linux-x86_64, r-release-linux-x86_64, r-release-macos-arm64, r-release-macos-x86_64, r-release-windows-x86_64, r-oldrel-macos-arm64, r-oldrel-windows-x86_64