Last updated on 2023-06-05 16:54:55 CEST.
Flavor | Version | Tinstall | Tcheck | Ttotal | Status | Flags |
---|---|---|---|---|---|---|
r-devel-linux-x86_64-debian-clang | 0.4.0 | 12.08 | 166.59 | 178.67 | OK | |
r-devel-linux-x86_64-debian-gcc | 0.4.0 | 11.57 | 128.10 | 139.67 | OK | |
r-devel-linux-x86_64-fedora-clang | 0.4.0 | 227.84 | NOTE | |||
r-devel-linux-x86_64-fedora-gcc | 0.4.0 | 234.11 | NOTE | |||
r-devel-windows-x86_64 | 0.4.0 | 17.00 | 131.00 | 148.00 | OK | |
r-patched-linux-x86_64 | 0.4.0 | 11.31 | 157.50 | 168.81 | OK | |
r-release-linux-x86_64 | 0.4.0 | 10.13 | 157.10 | 167.23 | OK | |
r-release-macos-arm64 | 0.4.0 | 78.00 | OK | |||
r-release-macos-x86_64 | 0.4.0 | 129.00 | OK | |||
r-release-windows-x86_64 | 0.4.0 | 23.00 | 163.00 | 186.00 | OK | |
r-oldrel-macos-arm64 | 0.4.0 | 37.00 | NOTE | |||
r-oldrel-macos-x86_64 | 0.4.0 | 69.00 | NOTE | |||
r-oldrel-windows-x86_64 | 0.4.0 | 22.00 | 167.00 | 189.00 | OK |
Version: 0.4.0
Check: dependencies in R code
Result: NOTE
Namespaces in Imports field not imported from:
‘GGEBiplots’ ‘calibrate’ ‘graphics’ ‘matrixStats’ ‘prettydoc’
‘reshape2’
All declared Imports should be used.
Flavors: r-devel-linux-x86_64-fedora-clang, r-devel-linux-x86_64-fedora-gcc, r-oldrel-macos-arm64, r-oldrel-macos-x86_64