CRAN Package Check Results for Package genogeographer

Last updated on 2021-09-21 04:55:09 CEST.

Flavor Version Tinstall Tcheck Ttotal Status Flags
r-devel-linux-x86_64-debian-clang 0.1.19 10.15 83.91 94.06 OK
r-devel-linux-x86_64-debian-gcc 0.1.19 8.83 62.31 71.14 OK
r-devel-linux-x86_64-fedora-clang 0.1.19 124.10 OK
r-devel-linux-x86_64-fedora-gcc 0.1.19 106.98 OK
r-devel-windows-x86_64 0.1.19 13.00 81.00 94.00 OK
r-devel-windows-x86_64-gcc10-UCRT 0.1.19 ERROR
r-patched-linux-x86_64 0.1.19 8.84 78.34 87.18 OK
r-patched-solaris-x86 0.1.19 160.10 OK
r-release-linux-x86_64 0.1.19 10.55 77.94 88.49 OK
r-release-macos-arm64 0.1.19 OK
r-release-macos-x86_64 0.1.19 OK
r-release-windows-ix86+x86_64 0.1.19 26.00 77.00 103.00 OK
r-oldrel-macos-x86_64 0.1.19 OK
r-oldrel-windows-ix86+x86_64 0.1.19 25.00 86.00 111.00 OK

Check Details

Version: 0.1.19
Check: whether package can be installed
Result: WARN
    Found the following significant warnings:
     WARNING: installation-time patches will not be applied, could not get the patches index
Flavor: r-devel-windows-x86_64-gcc10-UCRT

Version: 0.1.19
Check: PDF version of manual
Result: WARN
    LaTeX errors when creating PDF version.
    This typically indicates Rd problems.
Flavor: r-devel-windows-x86_64-gcc10-UCRT

Version: 0.1.19
Check: PDF version of manual without hyperrefs or index
Result: ERROR
    Re-running with no redirection of stdout/stderr.
Flavor: r-devel-windows-x86_64-gcc10-UCRT