Last updated on 2024-03-28 23:55:07 CET.
Flavor | Version | Tinstall | Tcheck | Ttotal | Status | Flags |
---|---|---|---|---|---|---|
r-devel-linux-x86_64-debian-clang | 0.1.0 | 24.85 | 37.11 | 61.96 | NOTE | |
r-devel-linux-x86_64-debian-gcc | 0.1.0 | 27.03 | 27.71 | 54.74 | NOTE | |
r-devel-linux-x86_64-fedora-clang | 0.1.0 | 96.28 | NOTE | |||
r-devel-linux-x86_64-fedora-gcc | 0.1.0 | 91.35 | NOTE | |||
r-devel-windows-x86_64 | 0.1.0 | 26.00 | 66.00 | 92.00 | NOTE | |
r-patched-linux-x86_64 | 0.1.0 | 31.02 | 35.25 | 66.27 | NOTE | |
r-release-linux-x86_64 | 0.1.0 | 32.42 | 35.66 | 68.08 | NOTE | |
r-release-macos-arm64 | 0.1.0 | 28.00 | NOTE | |||
r-release-macos-x86_64 | 0.1.0 | 43.00 | NOTE | |||
r-release-windows-x86_64 | 0.1.0 | 32.00 | 80.00 | 112.00 | NOTE | |
r-oldrel-macos-arm64 | 0.1.0 | 31.00 | OK | |||
r-oldrel-windows-x86_64 | 0.1.0 | 32.00 | 76.00 | 108.00 | OK |
Version: 0.1.0
Check: C++ specification
Result: NOTE
Specified C++11: please drop specification unless essential
Flavors: r-devel-linux-x86_64-debian-clang, r-devel-linux-x86_64-debian-gcc, r-devel-linux-x86_64-fedora-clang, r-devel-linux-x86_64-fedora-gcc, r-devel-windows-x86_64, r-patched-linux-x86_64, r-release-linux-x86_64, r-release-macos-arm64, r-release-macos-x86_64, r-release-windows-x86_64