CRAN Package Check Results for Package geobr

Last updated on 2021-10-23 07:50:18 CEST.

Flavor Version Tinstall Tcheck Ttotal Status Flags
r-devel-linux-x86_64-debian-clang 1.6.4 5.82 73.82 79.64 OK
r-devel-linux-x86_64-debian-gcc 1.6.4 4.18 55.89 60.07 OK
r-devel-linux-x86_64-fedora-clang 1.6.4 107.75 NOTE
r-devel-linux-x86_64-fedora-gcc 1.6.4 93.80 NOTE
r-devel-windows-x86_64 1.6.4 10.00 114.00 124.00 OK
r-devel-windows-x86_64-gcc10-UCRT 1.6.4 NOTE
r-patched-linux-x86_64 1.6.4 5.91 71.60 77.51 OK
r-patched-solaris-x86 1.6.4 151.30 NOTE
r-release-linux-x86_64 1.6.4 4.68 70.45 75.13 OK
r-release-macos-arm64 1.6.4 NOTE
r-release-macos-x86_64 1.6.4 NOTE
r-release-windows-ix86+x86_64 1.6.4 14.00 114.00 128.00 OK
r-oldrel-macos-x86_64 1.6.4 NOTE
r-oldrel-windows-ix86+x86_64 1.6.4 16.00 111.00 127.00 OK

Check Details

Version: 1.6.4
Check: data for non-ASCII characters
Result: NOTE
     Note: found 58 marked UTF-8 strings
Flavors: r-devel-linux-x86_64-fedora-clang, r-devel-linux-x86_64-fedora-gcc, r-devel-windows-x86_64-gcc10-UCRT, r-patched-solaris-x86, r-release-macos-arm64, r-release-macos-x86_64, r-oldrel-macos-x86_64