CRAN Package Check Results for Package geodimension

Last updated on 2021-10-16 13:03:56 CEST.

Flavor Version Tinstall Tcheck Ttotal Status Flags
r-devel-linux-x86_64-debian-clang 1.0.0 5.50 236.06 241.56 OK
r-devel-linux-x86_64-debian-gcc 1.0.0 5.35 176.07 181.42 OK
r-devel-linux-x86_64-fedora-clang 1.0.0 474.51 NOTE
r-devel-linux-x86_64-fedora-gcc 1.0.0 469.82 NOTE
r-devel-windows-x86_64 1.0.0 8.00 235.00 243.00 OK
r-devel-windows-x86_64-gcc10-UCRT 1.0.0 NOTE
r-patched-linux-x86_64 1.0.0 6.04 222.99 229.03 OK
r-patched-solaris-x86 1.0.0 257.50 NOTE
r-release-linux-x86_64 1.0.0 6.23 225.44 231.67 OK
r-release-macos-arm64 1.0.0 NOTE
r-release-macos-x86_64 1.0.0 NOTE
r-release-windows-ix86+x86_64 1.0.0 13.00 326.00 339.00 OK
r-oldrel-macos-x86_64 1.0.0 NOTE
r-oldrel-windows-ix86+x86_64 1.0.0 12.00 320.00 332.00 OK

Check Details

Version: 1.0.0
Check: dependencies in R code
Result: NOTE
    Namespaces in Imports field not imported from:
     ‘pander’ ‘readr’ ‘tidyr’
     All declared Imports should be used.
Flavors: r-devel-linux-x86_64-fedora-clang, r-devel-linux-x86_64-fedora-gcc, r-devel-windows-x86_64-gcc10-UCRT, r-patched-solaris-x86, r-release-macos-arm64, r-release-macos-x86_64, r-oldrel-macos-x86_64

Version: 1.0.0
Check: data for non-ASCII characters
Result: NOTE
     Note: found 80 marked UTF-8 strings
Flavors: r-devel-linux-x86_64-fedora-clang, r-devel-linux-x86_64-fedora-gcc, r-devel-windows-x86_64-gcc10-UCRT, r-patched-solaris-x86, r-release-macos-arm64, r-release-macos-x86_64, r-oldrel-macos-x86_64