Last updated on 2023-05-22 17:01:22 CEST.
Flavor | Version | Tinstall | Tcheck | Ttotal | Status | Flags |
---|---|---|---|---|---|---|
r-devel-linux-x86_64-debian-clang | 1.0.0 | 7.51 | 242.06 | 249.57 | OK | |
r-devel-linux-x86_64-debian-gcc | 1.0.0 | 5.75 | 186.03 | 191.78 | OK | |
r-devel-linux-x86_64-fedora-clang | 1.0.0 | 300.20 | NOTE | |||
r-devel-linux-x86_64-fedora-gcc | 1.0.0 | 315.49 | NOTE | |||
r-devel-windows-x86_64 | 1.0.0 | 10.00 | 210.00 | 220.00 | OK | |
r-patched-linux-x86_64 | 1.0.0 | 6.17 | 232.94 | 239.11 | OK | |
r-release-linux-x86_64 | 1.0.0 | 5.23 | 235.16 | 240.39 | OK | |
r-release-macos-arm64 | 1.0.0 | 102.00 | OK | |||
r-release-macos-x86_64 | 1.0.0 | 161.00 | OK | |||
r-release-windows-x86_64 | 1.0.0 | 11.00 | 295.00 | 306.00 | OK | |
r-oldrel-macos-arm64 | 1.0.0 | 79.00 | NOTE | |||
r-oldrel-macos-x86_64 | 1.0.0 | 182.00 | NOTE | |||
r-oldrel-windows-x86_64 | 1.0.0 | 11.00 | 296.00 | 307.00 | OK |
Version: 1.0.0
Check: dependencies in R code
Result: NOTE
Namespaces in Imports field not imported from:
‘pander’ ‘readr’ ‘tidyr’
All declared Imports should be used.
Flavors: r-devel-linux-x86_64-fedora-clang, r-devel-linux-x86_64-fedora-gcc, r-oldrel-macos-arm64, r-oldrel-macos-x86_64
Version: 1.0.0
Check: data for non-ASCII characters
Result: NOTE
Note: found 80 marked UTF-8 strings
Flavors: r-devel-linux-x86_64-fedora-clang, r-devel-linux-x86_64-fedora-gcc, r-oldrel-macos-arm64, r-oldrel-macos-x86_64