Last updated on 2024-03-28 15:49:48 CET.
Flavor | Version | Tinstall | Tcheck | Ttotal | Status | Flags |
---|---|---|---|---|---|---|
r-devel-linux-x86_64-debian-clang | 2.0.0 | 7.01 | 51.77 | 58.78 | NOTE | |
r-devel-linux-x86_64-debian-gcc | 2.0.0 | 4.32 | 40.11 | 44.43 | NOTE | |
r-devel-linux-x86_64-fedora-clang | 2.0.0 | 75.70 | NOTE | |||
r-devel-linux-x86_64-fedora-gcc | 2.0.0 | 72.24 | NOTE | |||
r-devel-windows-x86_64 | 2.0.0 | 7.00 | 55.00 | 62.00 | NOTE | |
r-patched-linux-x86_64 | 2.0.0 | 4.56 | 50.28 | 54.84 | NOTE | |
r-release-linux-x86_64 | 2.0.0 | 5.33 | 59.29 | 64.62 | NOTE | |
r-release-macos-arm64 | 2.0.0 | 30.00 | NOTE | |||
r-release-macos-x86_64 | 2.0.0 | 42.00 | NOTE | |||
r-release-windows-x86_64 | 2.0.0 | 9.00 | 63.00 | 72.00 | NOTE | |
r-oldrel-macos-arm64 | 2.0.0 | 25.00 | NOTE | |||
r-oldrel-windows-x86_64 | 2.0.0 | 11.00 | 75.00 | 86.00 | NOTE |
Version: 2.0.0
Check: LazyData
Result: NOTE
'LazyData' is specified without a 'data' directory
Flavors: r-devel-linux-x86_64-debian-clang, r-devel-linux-x86_64-debian-gcc, r-devel-linux-x86_64-fedora-clang, r-devel-linux-x86_64-fedora-gcc, r-devel-windows-x86_64, r-patched-linux-x86_64, r-release-linux-x86_64, r-release-macos-arm64, r-release-macos-x86_64, r-release-windows-x86_64, r-oldrel-macos-arm64, r-oldrel-windows-x86_64