CRAN Package Check Results for Package geodrawr

Last updated on 2021-09-25 04:57:36 CEST.

Flavor Version Tinstall Tcheck Ttotal Status Flags
r-devel-linux-x86_64-debian-clang 2.0.0 4.22 57.46 61.68 NOTE
r-devel-linux-x86_64-debian-gcc 2.0.0 4.22 42.87 47.09 NOTE
r-devel-linux-x86_64-fedora-clang 2.0.0 83.13 NOTE
r-devel-linux-x86_64-fedora-gcc 2.0.0 72.52 NOTE
r-devel-windows-x86_64 2.0.0 8.00 55.00 63.00 NOTE
r-devel-windows-x86_64-gcc10-UCRT 2.0.0 NOTE
r-patched-linux-x86_64 2.0.0 5.24 53.58 58.82 NOTE
r-patched-solaris-x86 2.0.0 112.50 NOTE
r-release-linux-x86_64 2.0.0 3.66 53.20 56.86 NOTE
r-release-macos-arm64 2.0.0 NOTE
r-release-macos-x86_64 2.0.0 NOTE
r-release-windows-ix86+x86_64 2.0.0 16.00 51.00 67.00 NOTE
r-oldrel-macos-x86_64 2.0.0 OK
r-oldrel-windows-ix86+x86_64 2.0.0 12.00 56.00 68.00 OK

Check Details

Version: 2.0.0
Check: LazyData
Result: NOTE
     'LazyData' is specified without a 'data' directory
Flavors: r-devel-linux-x86_64-debian-clang, r-devel-linux-x86_64-debian-gcc, r-devel-linux-x86_64-fedora-clang, r-devel-linux-x86_64-fedora-gcc, r-devel-windows-x86_64, r-devel-windows-x86_64-gcc10-UCRT, r-patched-linux-x86_64, r-patched-solaris-x86, r-release-linux-x86_64, r-release-macos-arm64, r-release-macos-x86_64, r-release-windows-ix86+x86_64