CRAN Package Check Results for Package geofacet

Last updated on 2021-12-04 04:52:25 CET.

Flavor Version Tinstall Tcheck Ttotal Status Flags
r-devel-linux-x86_64-debian-clang 0.2.0 10.83 298.86 309.69 OK
r-devel-linux-x86_64-debian-gcc 0.2.0 7.46 212.28 219.74 OK
r-devel-linux-x86_64-fedora-clang 0.2.0 346.48 NOTE
r-devel-linux-x86_64-fedora-gcc 0.2.0 335.69 NOTE
r-devel-windows-x86_64-new-UL 0.2.0 26.00 335.00 361.00 OK
r-devel-windows-x86_64-new-TK 0.2.0 NOTE
r-devel-windows-x86_64-old 0.2.0 17.00 229.00 246.00 OK
r-patched-linux-x86_64 0.2.0 9.36 258.98 268.34 OK
r-release-linux-x86_64 0.2.0 9.04 262.75 271.79 OK
r-release-macos-arm64 0.2.0 NOTE
r-release-macos-x86_64 0.2.0 NOTE
r-release-windows-ix86+x86_64 0.2.0 23.00 317.00 340.00 OK
r-oldrel-macos-x86_64 0.2.0 NOTE
r-oldrel-windows-ix86+x86_64 0.2.0 22.00 325.00 347.00 OK

Check Details

Version: 0.2.0
Check: dependencies in R code
Result: NOTE
    Namespace in Imports field not imported from: ‘sf’
     All declared Imports should be used.
Flavors: r-devel-linux-x86_64-fedora-clang, r-devel-linux-x86_64-fedora-gcc, r-devel-windows-x86_64-new-TK, r-release-macos-arm64, r-release-macos-x86_64, r-oldrel-macos-x86_64

Version: 0.2.0
Check: data for non-ASCII characters
Result: NOTE
     Note: found 646 marked UTF-8 strings
Flavors: r-devel-linux-x86_64-fedora-clang, r-devel-linux-x86_64-fedora-gcc, r-devel-windows-x86_64-new-TK, r-release-macos-arm64, r-release-macos-x86_64, r-oldrel-macos-x86_64