CRAN Package Check Results for Package geojsonlint

Last updated on 2021-10-26 04:27:15 CEST.

Flavor Version Tinstall Tcheck Ttotal Status Flags
r-devel-linux-x86_64-debian-clang 0.4.0 3.88 40.49 44.37 OK
r-devel-linux-x86_64-debian-gcc 0.4.0 3.00 30.93 33.93 OK
r-devel-linux-x86_64-fedora-clang 0.4.0 64.18 OK
r-devel-linux-x86_64-fedora-gcc 0.4.0 53.97 OK
r-devel-windows-x86_64 0.4.0 8.00 76.00 84.00 OK
r-devel-windows-x86_64-gcc10-UCRT 0.4.0 OK
r-patched-linux-x86_64 0.4.0 3.61 39.02 42.63 OK
r-patched-solaris-x86 0.4.0 10.00 ERROR
r-release-linux-x86_64 0.4.0 3.59 39.29 42.88 OK
r-release-macos-arm64 0.4.0 OK
r-release-macos-x86_64 0.4.0 OK
r-release-windows-ix86+x86_64 0.4.0 10.00 75.00 85.00 OK
r-oldrel-macos-x86_64 0.4.0 OK
r-oldrel-windows-ix86+x86_64 0.4.0 15.00 72.00 87.00 OK

Check Details

Version: 0.4.0
Check: whether package can be installed
Result: ERROR
    Installation failed.
Flavor: r-patched-solaris-x86