Last updated on 2023-06-07 17:55:38 CEST.
Flavor | Version | Tinstall | Tcheck | Ttotal | Status | Flags |
---|---|---|---|---|---|---|
r-devel-linux-x86_64-debian-clang | 0.7-1 | 242.71 | 469.00 | 711.71 | OK | |
r-devel-linux-x86_64-debian-gcc | 0.7-1 | 201.98 | 347.66 | 549.64 | OK | |
r-devel-linux-x86_64-fedora-clang | 0.7-1 | 950.35 | NOTE | |||
r-devel-linux-x86_64-fedora-gcc | 0.7-1 | 907.89 | OK | |||
r-devel-windows-x86_64 | 0.7-1 | 209.00 | 493.00 | 702.00 | NOTE | |
r-patched-linux-x86_64 | 0.7-1 | 271.83 | 444.95 | 716.78 | OK | |
r-release-linux-x86_64 | 0.7-1 | 222.80 | 447.39 | 670.19 | OK | |
r-release-macos-arm64 | 0.7-1 | 320.00 | NOTE | |||
r-release-macos-x86_64 | 0.7-1 | 481.00 | NOTE | |||
r-release-windows-x86_64 | 0.7-1 | 279.00 | 598.00 | 877.00 | NOTE | |
r-oldrel-macos-arm64 | 0.7-1 | 218.00 | NOTE | |||
r-oldrel-macos-x86_64 | 0.7-1 | 333.00 | NOTE | |||
r-oldrel-windows-x86_64 | 0.7-1 | 285.00 | 468.00 | 753.00 | NOTE |
Version: 0.7-1
Check: installed package size
Result: NOTE
installed size is 14.7Mb
sub-directories of 1Mb or more:
R 9.6Mb
extdata 2.6Mb
help 2.4Mb
Flavors: r-devel-linux-x86_64-fedora-clang, r-devel-windows-x86_64, r-release-macos-arm64, r-release-macos-x86_64, r-release-windows-x86_64, r-oldrel-macos-arm64, r-oldrel-macos-x86_64, r-oldrel-windows-x86_64