Last updated on 2024-04-19 16:58:43 CEST.
Flavor | Version | Tinstall | Tcheck | Ttotal | Status | Flags |
---|---|---|---|---|---|---|
r-devel-linux-x86_64-debian-clang | 0.7-1 | 254.80 | 498.48 | 753.28 | NOTE | |
r-devel-linux-x86_64-debian-gcc | 0.7-1 | NOTE | ||||
r-devel-linux-x86_64-fedora-clang | 0.8-0 | 1013.51 | NOTE | |||
r-devel-linux-x86_64-fedora-gcc | 0.8-0 | 951.97 | OK | |||
r-prerel-macos-arm64 | 0.8-0 | 285.00 | NOTE | |||
r-prerel-macos-x86_64 | 0.8-0 | 783.00 | NOTE | |||
r-prerel-windows-x86_64 | 0.8-0 | 194.00 | 438.00 | 632.00 | NOTE | |
r-patched-linux-x86_64 | 0.7-1 | 289.69 | 464.36 | 754.05 | NOTE | |
r-release-linux-x86_64 | 0.7-1 | 184.79 | 473.43 | 658.22 | OK | |
r-release-macos-arm64 | 0.8-0 | 298.00 | NOTE | |||
r-release-macos-x86_64 | 0.8-0 | 613.00 | NOTE | |||
r-release-windows-x86_64 | 0.7-1 | 298.00 | 610.00 | 908.00 | NOTE | |
r-oldrel-macos-arm64 | 0.8-0 | 218.00 | NOTE | |||
r-oldrel-windows-x86_64 | 0.7-1 | 303.00 | 500.00 | 803.00 | NOTE |
Version: 0.7-1
Check: Rd files
Result: NOTE
checkRd: (-1) GMLVerticalCRS.Rd:39: Lost braces
39 | \item{\code{verticalDatum}}{[code{GMLVerticalDatum}]}
| ^
Flavors: r-devel-linux-x86_64-debian-clang, r-devel-linux-x86_64-debian-gcc, r-patched-linux-x86_64
Version: 0.8-0
Check: installed package size
Result: NOTE
installed size is 14.8Mb
sub-directories of 1Mb or more:
R 9.6Mb
extdata 2.6Mb
help 2.6Mb
Flavors: r-devel-linux-x86_64-fedora-clang, r-prerel-macos-arm64, r-prerel-macos-x86_64, r-prerel-windows-x86_64, r-release-macos-arm64, r-release-macos-x86_64, r-oldrel-macos-arm64
Version: 0.7-1
Check: installed package size
Result: NOTE
installed size is 14.6Mb
sub-directories of 1Mb or more:
R 9.6Mb
extdata 2.5Mb
help 2.4Mb
Flavors: r-release-windows-x86_64, r-oldrel-windows-x86_64