Last updated on 2024-03-27 23:59:44 CET.
Flavor | Version | Tinstall | Tcheck | Ttotal | Status | Flags |
---|---|---|---|---|---|---|
r-devel-linux-x86_64-debian-clang | 0.2.4 | 142.47 | 33.66 | 176.13 | OK | |
r-devel-linux-x86_64-debian-gcc | 0.2.4 | 112.38 | 26.87 | 139.25 | OK | |
r-devel-linux-x86_64-fedora-clang | 0.2.4 | 256.49 | OK | |||
r-devel-linux-x86_64-fedora-gcc | 0.2.4 | 278.00 | OK | |||
r-devel-windows-x86_64 | 0.2.4 | 104.00 | 71.00 | 175.00 | OK | |
r-patched-linux-x86_64 | 0.2.4 | 142.85 | 31.31 | 174.16 | OK | |
r-release-linux-x86_64 | 0.2.4 | 138.77 | 32.60 | 171.37 | OK | |
r-release-macos-arm64 | 0.2.4 | 73.00 | NOTE | |||
r-release-macos-x86_64 | 0.2.4 | 144.00 | OK | |||
r-release-windows-x86_64 | 0.2.4 | 131.00 | 76.00 | 207.00 | OK | |
r-oldrel-macos-arm64 | 0.2.4 | 69.00 | OK | |||
r-oldrel-windows-x86_64 | 0.2.4 | 116.00 | 80.00 | 196.00 | OK |
Version: 0.2.4
Check: installed package size
Result: NOTE
installed size is 5.0Mb
sub-directories of 1Mb or more:
libs 4.6Mb
Flavor: r-release-macos-arm64