Last updated on 2023-11-29 16:51:45 CET.
Flavor | Version | Tinstall | Tcheck | Ttotal | Status | Flags |
---|---|---|---|---|---|---|
r-devel-linux-x86_64-debian-clang | 0.6-7 | 36.21 | 88.07 | 124.28 | NOTE | |
r-devel-linux-x86_64-debian-gcc | 0.6-7 | 33.00 | 67.24 | 100.24 | NOTE | |
r-devel-linux-x86_64-fedora-clang | 0.6-7 | 170.89 | OK | |||
r-devel-linux-x86_64-fedora-gcc | 0.6-7 | 179.65 | OK | |||
r-devel-windows-x86_64 | 0.6-7 | 36.00 | 110.00 | 146.00 | OK | |
r-patched-linux-x86_64 | 0.6-7 | 38.03 | 87.00 | 125.03 | OK | |
r-release-linux-x86_64 | 0.6-7 | 28.88 | 87.21 | 116.09 | OK | |
r-release-macos-arm64 | 0.6-7 | 61.00 | OK | |||
r-release-macos-x86_64 | 0.6-7 | 126.00 | OK | |||
r-release-windows-x86_64 | 0.6-7 | 47.00 | 122.00 | 169.00 | OK | |
r-oldrel-macos-arm64 | 0.6-7 | 51.00 | OK | |||
r-oldrel-macos-x86_64 | 0.6-7 | 67.00 | OK | |||
r-oldrel-windows-x86_64 | 0.6-7 | 46.00 | 100.00 | 146.00 | OK |
Version: 0.6-7
Check: Rd files
Result: NOTE
checkRd: (-1) GSWorkspaceManager.Rd:131: Lost braces; missing escapes or markup?
131 | with the URI being "http://{workspaceName}. If the URI is specified, the method
| ^
checkRd: (-1) GSWorkspaceManager.Rd:157: Lost braces; missing escapes or markup?
157 | with the URI being "http://{workspaceName}. If the URI is specified, the method
| ^
Flavors: r-devel-linux-x86_64-debian-clang, r-devel-linux-x86_64-debian-gcc