CRAN Package Check Results for Package geospark

Last updated on 2024-04-17 00:54:20 CEST.

Flavor Version Tinstall Tcheck Ttotal Status Flags
r-devel-linux-x86_64-debian-clang 0.3.1 7.97 63.08 71.05 NOTE
r-devel-linux-x86_64-debian-gcc 0.3.1 5.43 47.85 53.28 NOTE
r-devel-linux-x86_64-fedora-clang 0.3.1 89.40 NOTE
r-devel-linux-x86_64-fedora-gcc 0.3.1 88.39 NOTE
r-prerel-macos-arm64 0.3.1 34.00 NOTE
r-prerel-windows-x86_64 0.3.1 6.00 65.00 71.00 NOTE
r-patched-linux-x86_64 0.3.1 5.34 61.58 66.92 NOTE
r-release-linux-x86_64 0.3.1 4.50 61.59 66.09 NOTE
r-release-macos-arm64 0.3.1 31.00 NOTE
r-release-macos-x86_64 0.3.1 45.00 NOTE
r-release-windows-x86_64 0.3.1 9.00 74.00 83.00 NOTE
r-oldrel-macos-arm64 0.3.1 29.00 NOTE
r-oldrel-windows-x86_64 0.3.1 9.00 78.00 87.00 NOTE

Check Details

Version: 0.3.1
Check: LazyData
Result: NOTE 'LazyData' is specified without a 'data' directory Flavors: r-devel-linux-x86_64-debian-clang, r-devel-linux-x86_64-debian-gcc, r-devel-linux-x86_64-fedora-clang, r-devel-linux-x86_64-fedora-gcc, r-prerel-macos-arm64, r-prerel-windows-x86_64, r-patched-linux-x86_64, r-release-linux-x86_64, r-release-macos-arm64, r-release-macos-x86_64, r-release-windows-x86_64, r-oldrel-macos-arm64, r-oldrel-windows-x86_64

Version: 0.3.1
Check: dependencies in R code
Result: NOTE Namespace in Imports field not imported from: ‘dbplyr’ All declared Imports should be used. Flavors: r-devel-linux-x86_64-fedora-clang, r-devel-linux-x86_64-fedora-gcc, r-oldrel-macos-arm64