CRAN Package Check Results for Package geouy

Last updated on 2021-10-20 08:49:24 CEST.

Flavor Version Tinstall Tcheck Ttotal Status Flags
r-devel-linux-x86_64-debian-clang 0.2.5 30.17 242.65 272.82 OK
r-devel-linux-x86_64-debian-gcc 0.2.5 22.62 181.13 203.75 OK
r-devel-linux-x86_64-fedora-clang 0.2.5 330.07 NOTE
r-devel-linux-x86_64-fedora-gcc 0.2.5 319.17 NOTE
r-devel-windows-x86_64 0.2.5 42.00 280.00 322.00 OK
r-devel-windows-x86_64-gcc10-UCRT 0.2.5 NOTE
r-patched-linux-x86_64 0.2.5 23.96 233.17 257.13 OK
r-patched-solaris-x86 0.2.5 411.50 NOTE
r-release-linux-x86_64 0.2.5 27.06 231.87 258.93 OK
r-release-macos-arm64 0.2.5 NOTE
r-release-macos-x86_64 0.2.5 NOTE
r-release-windows-ix86+x86_64 0.2.5 64.00 268.00 332.00 OK
r-oldrel-macos-x86_64 0.2.5 NOTE
r-oldrel-windows-ix86+x86_64 0.2.5 32.00 141.00 173.00 OK

Check Details

Version: 0.2.5
Check: data for non-ASCII characters
Result: NOTE
     Note: found 64 marked Latin-1 strings
     Note: found 25 marked UTF-8 strings
Flavors: r-devel-linux-x86_64-fedora-clang, r-devel-linux-x86_64-fedora-gcc, r-devel-windows-x86_64-gcc10-UCRT, r-patched-solaris-x86, r-release-macos-arm64, r-release-macos-x86_64, r-oldrel-macos-x86_64