Last updated on 2024-03-28 23:55:07 CET.
Flavor | Version | Tinstall | Tcheck | Ttotal | Status | Flags |
---|---|---|---|---|---|---|
r-devel-linux-x86_64-debian-clang | 0.37 | 13.47 | 123.11 | 136.58 | NOTE | |
r-devel-linux-x86_64-debian-gcc | 0.37 | 11.81 | 88.38 | 100.19 | NOTE | |
r-devel-linux-x86_64-fedora-clang | 0.37 | 171.61 | NOTE | |||
r-devel-linux-x86_64-fedora-gcc | 0.37 | 170.94 | NOTE | |||
r-devel-windows-x86_64 | 0.37 | 12.00 | 140.00 | 152.00 | NOTE | |
r-patched-linux-x86_64 | 0.37 | 15.78 | 117.60 | 133.38 | NOTE | |
r-release-linux-x86_64 | 0.37 | 12.25 | 113.51 | 125.76 | OK | |
r-release-macos-arm64 | 0.37 | 50.00 | OK | |||
r-release-macos-x86_64 | 0.37 | 120.00 | OK | |||
r-release-windows-x86_64 | 0.37 | 12.00 | 154.00 | 166.00 | OK | |
r-oldrel-macos-arm64 | 0.37 | 46.00 | OK | |||
r-oldrel-windows-x86_64 | 0.37 | 16.00 | 152.00 | 168.00 | OK |
Version: 0.37
Check: Rd files
Result: NOTE
checkRd: (-1) vargaugeiis.Rd:22: Lost braces
22 | \details{The function computes the variance of the Gauge (false-positive rate of outliers in impulse indicator saturation) for a given level of significance of selection (\code{t.pval}) and sample size ({\code{T}) based on Jiao and Pretis (2019). This is an auxilliary function used within the \code{\link{outliertest}} function.}}
| ^
Flavors: r-devel-linux-x86_64-debian-clang, r-devel-linux-x86_64-debian-gcc, r-devel-linux-x86_64-fedora-clang, r-devel-linux-x86_64-fedora-gcc, r-devel-windows-x86_64, r-patched-linux-x86_64