Last updated on 2023-06-08 08:55:22 CEST.
Flavor | Version | Tinstall | Tcheck | Ttotal | Status | Flags |
---|---|---|---|---|---|---|
r-devel-linux-x86_64-debian-clang | 1.0.0 | 38.94 | 36.91 | 75.85 | NOTE | |
r-devel-linux-x86_64-debian-gcc | 1.0.0 | 30.40 | 28.20 | 58.60 | NOTE | |
r-devel-linux-x86_64-fedora-clang | 1.0.0 | 108.77 | NOTE | |||
r-devel-linux-x86_64-fedora-gcc | 1.0.0 | 122.63 | NOTE | |||
r-devel-windows-x86_64 | 1.0.0 | 35.00 | 126.00 | 161.00 | NOTE | |
r-patched-linux-x86_64 | 1.0.0 | 35.18 | 35.05 | 70.23 | NOTE | |
r-release-linux-x86_64 | 1.0.0 | 34.80 | 34.70 | 69.50 | NOTE | |
r-release-macos-arm64 | 1.0.0 | 69.00 | NOTE | |||
r-release-macos-x86_64 | 1.0.0 | 111.00 | NOTE | |||
r-release-windows-x86_64 | 1.0.0 | 43.00 | 144.00 | 187.00 | NOTE | |
r-oldrel-macos-arm64 | 1.0.0 | 60.00 | OK | |||
r-oldrel-macos-x86_64 | 1.0.0 | 76.00 | OK | |||
r-oldrel-windows-x86_64 | 1.0.0 | 42.00 | 141.00 | 183.00 | OK |
Version: 1.0.0
Check: C++ specification
Result: NOTE
Specified C++11: please drop specification unless essential
Flavors: r-devel-linux-x86_64-debian-clang, r-devel-linux-x86_64-debian-gcc, r-devel-linux-x86_64-fedora-clang, r-devel-linux-x86_64-fedora-gcc, r-devel-windows-x86_64, r-patched-linux-x86_64, r-release-linux-x86_64, r-release-macos-arm64, r-release-macos-x86_64, r-release-windows-x86_64