CRAN Package Check Results for Package gfonts

Last updated on 2021-09-23 20:52:16 CEST.

Flavor Version Tinstall Tcheck Ttotal Status Flags
r-devel-linux-x86_64-debian-clang 0.1.2 5.27 47.49 52.76 OK
r-devel-linux-x86_64-debian-gcc 0.1.3 3.56 36.13 39.69 OK
r-devel-linux-x86_64-fedora-clang 0.1.3 69.00 OK
r-devel-linux-x86_64-fedora-gcc 0.1.3 58.75 OK
r-devel-windows-x86_64 0.1.2 9.00 49.00 58.00 ERROR
r-devel-windows-x86_64-gcc10-UCRT 0.1.3 OK
r-patched-linux-x86_64 0.1.2 4.90 46.17 51.07 OK
r-patched-solaris-x86 0.1.3 85.00 OK
r-release-linux-x86_64 0.1.2 4.80 46.23 51.03 OK
r-release-macos-arm64 0.1.2 OK
r-release-macos-x86_64 0.1.2 OK
r-release-windows-ix86+x86_64 0.1.3 2.00 6.00 8.00 ERROR
r-oldrel-macos-x86_64 0.1.2 OK
r-oldrel-windows-ix86+x86_64 0.1.2 10.00 52.00 62.00 OK

Check Details

Version: 0.1.2
Check: tests
Result: ERROR
     Running 'testthat.R' [3s]
    Running the tests in 'tests/testthat.R' failed.
    Complete output:
     > library(testthat)
     > library(gfonts)
     >
     > test_check("gfonts")
     == Failed tests ================================================================
     -- Error (test-api.R:38:5): download_font works --------------------------------
     Error: Service Unavailable (HTTP 503)
     Backtrace:
     x
     1. \-gfonts::download_font(id = "roboto", output_dir = tmp, variants = "regular") test-api.R:38:4
     2. +-base::do.call(get_gf, get_gf_args)
     3. \-(function (path, query = list(), ...) ...
     4. \-res$raise_for_status()
     5. +-fauxpas::http(self, behavior = "stop")
     6. \-fauxpas:::http.HttpResponse(self, behavior = "stop")
     7. \-tmp$do(response)
     -- Error (test-setup_font.R:8:5): setup_font works -----------------------------
     Error: Service Unavailable (HTTP 503)
     Backtrace:
     x
     1. +-utils::capture.output(...) test-setup_font.R:8:4
     2. | \-base::withVisible(...elt(i))
     3. \-gfonts::setup_font(id = "roboto", output_dir = tmp, variants = "regular")
     4. \-gfonts::download_font(...)
     5. +-base::do.call(get_gf, get_gf_args)
     6. \-(function (path, query = list(), ...) ...
     7. \-res$raise_for_status()
     8. +-fauxpas::http(self, behavior = "stop")
     9. \-fauxpas:::http.HttpResponse(self, behavior = "stop")
     10. \-tmp$do(response)
    
     [ FAIL 2 | WARN 0 | SKIP 0 | PASS 62 ]
     Error: Test failures
     Execution halted
Flavor: r-devel-windows-x86_64

Version: 0.1.2
Check: re-building of vignette outputs
Result: WARN
    Error(s) in re-building vignettes:
    --- re-building 'gfonts.Rmd' using rmarkdown
    Quitting from lines 57-58 (gfonts.Rmd)
    Error: processing vignette 'gfonts.Rmd' failed with diagnostics:
    Service Unavailable (HTTP 503)
    --- failed re-building 'gfonts.Rmd'
    
    SUMMARY: processing the following file failed:
     'gfonts.Rmd'
    
    Error: Vignette re-building failed.
    Execution halted
Flavor: r-devel-windows-x86_64

Version: 0.1.3
Check: whether package can be installed
Result: ERROR
    Installation failed.
Flavor: r-release-windows-ix86+x86_64