CRAN Package Check Results for Package gfpop

Last updated on 2024-03-03 01:00:44 CET.

Flavor Version Tinstall Tcheck Ttotal Status Flags
r-devel-linux-x86_64-debian-clang 1.1.1 91.66 45.24 136.90 OK
r-devel-linux-x86_64-debian-gcc 1.1.1 64.29 35.18 99.47 OK
r-devel-linux-x86_64-fedora-clang 1.1.1 215.03 OK
r-devel-linux-x86_64-fedora-gcc 1.1.1 200.41 NOTE
r-devel-windows-x86_64 1.1.1 66.00 71.00 137.00 OK
r-patched-linux-x86_64 1.1.1 82.97 44.28 127.25 OK
r-release-linux-x86_64 1.1.1 79.35 44.50 123.85 OK
r-release-macos-arm64 1.1.1 54.00 OK
r-release-macos-x86_64 1.1.1 94.00 OK
r-release-windows-x86_64 1.1.1 66.00 92.00 158.00 OK
r-oldrel-macos-arm64 1.1.1 55.00 OK
r-oldrel-windows-x86_64 1.1.1 82.00 95.00 177.00 OK

Check Details

Version: 1.1.1
Check: for non-standard things in the check directory
Result: NOTE Found the following files/directories: ‘gfpop.data’ Flavor: r-devel-linux-x86_64-fedora-gcc