CRAN Package Check Results for Package ggBubbles

Last updated on 2021-10-27 13:07:59 CEST.

Flavor Version Tinstall Tcheck Ttotal Status Flags
r-devel-linux-x86_64-debian-clang 0.1.4 5.12 59.92 65.04 OK
r-devel-linux-x86_64-debian-gcc 0.1.4 3.85 43.90 47.75 OK
r-devel-linux-x86_64-fedora-clang 0.1.4 90.01 OK
r-devel-linux-x86_64-fedora-gcc 0.1.4 72.17 OK
r-devel-windows-x86_64 0.1.4 9.00 86.00 95.00 OK
r-devel-windows-x86_64-gcc10-UCRT 0.1.4 OK
r-patched-linux-x86_64 0.1.4 4.79 53.07 57.86 OK
r-patched-solaris-x86 0.1.4 89.70 WARN
r-release-linux-x86_64 0.1.4 4.52 52.97 57.49 OK
r-release-macos-arm64 0.1.4 OK
r-release-macos-x86_64 0.1.4 WARN
r-release-windows-ix86+x86_64 0.1.4 9.00 82.00 91.00 OK
r-oldrel-macos-x86_64 0.1.4 WARN
r-oldrel-windows-ix86+x86_64 0.1.4 13.00 79.00 92.00 OK

Check Details

Version: 0.1.4
Check: re-building of vignette outputs
Result: WARN
    Error(s) in re-building vignettes:
     ...
    --- re-building ‘ggBubbles.Rmd’ using rmarkdown
    Warning in engine$weave(file, quiet = quiet, encoding = enc) :
     Pandoc (>= 1.12.3) not available. Falling back to R Markdown v1.
    Loading required package: knitr
    Loading required package: ggplot2
    Loading required package: ggBubbles
    Quitting from lines 30-40 (ggBubbles.Rmd)
    Error: processing vignette 'ggBubbles.Rmd' failed with diagnostics:
    could not find function "CRANpkg"
    --- failed re-building ‘ggBubbles.Rmd’
    
    SUMMARY: processing the following file failed:
     ‘ggBubbles.Rmd’
    
    Error: Vignette re-building failed.
    Execution halted
Flavors: r-patched-solaris-x86, r-release-macos-x86_64

Version: 0.1.4
Check: re-building of vignette outputs
Result: WARN
    Error(s) in re-building vignettes:
     ...
    --- re-building ‘ggBubbles.Rmd’ using rmarkdown
    Warning in engine$weave(file, quiet = quiet, encoding = enc) :
     Pandoc (>= 1.12.3) and/or pandoc-citeproc not available. Falling back to R Markdown v1.
    Loading required package: knitr
    Loading required package: ggplot2
    Loading required package: ggBubbles
    Quitting from lines 30-40 (ggBubbles.Rmd)
    Error: processing vignette 'ggBubbles.Rmd' failed with diagnostics:
    could not find function "CRANpkg"
    --- failed re-building ‘ggBubbles.Rmd’
    
    SUMMARY: processing the following file failed:
     ‘ggBubbles.Rmd’
    
    Error: Vignette re-building failed.
    Execution halted
Flavor: r-oldrel-macos-x86_64