Last updated on 2023-06-10 00:54:46 CEST.
Flavor | Version | Tinstall | Tcheck | Ttotal | Status | Flags |
---|---|---|---|---|---|---|
r-devel-linux-x86_64-debian-clang | 0.0.31 | 7.24 | 95.42 | 102.66 | NOTE | |
r-devel-linux-x86_64-debian-gcc | 0.0.31 | 6.09 | 71.58 | 77.67 | NOTE | |
r-devel-linux-x86_64-fedora-clang | 0.0.31 | 127.78 | NOTE | |||
r-devel-linux-x86_64-fedora-gcc | 0.0.31 | 132.33 | NOTE | |||
r-devel-windows-x86_64 | 0.0.31 | 10.00 | 103.00 | 113.00 | NOTE | |
r-patched-linux-x86_64 | 0.0.31 | 13.85 | 88.37 | 102.22 | NOTE | |
r-release-linux-x86_64 | 0.0.31 | 5.85 | 91.26 | 97.11 | NOTE | |
r-release-macos-arm64 | 0.0.31 | 46.00 | NOTE | |||
r-release-macos-x86_64 | 0.0.31 | 70.00 | NOTE | |||
r-release-windows-x86_64 | 0.0.31 | 10.00 | 128.00 | 138.00 | NOTE | |
r-oldrel-macos-arm64 | 0.0.31 | 40.00 | NOTE | |||
r-oldrel-macos-x86_64 | 0.0.31 | 76.00 | NOTE | |||
r-oldrel-windows-x86_64 | 0.0.31 | 11.00 | 113.00 | 124.00 | NOTE |
Version: 0.0.31
Check: LazyData
Result: NOTE
'LazyData' is specified without a 'data' directory
Flavors: r-devel-linux-x86_64-debian-clang, r-devel-linux-x86_64-debian-gcc, r-devel-linux-x86_64-fedora-clang, r-devel-linux-x86_64-fedora-gcc, r-devel-windows-x86_64, r-patched-linux-x86_64, r-release-linux-x86_64, r-release-macos-arm64, r-release-macos-x86_64, r-release-windows-x86_64, r-oldrel-macos-arm64, r-oldrel-macos-x86_64, r-oldrel-windows-x86_64