CRAN Package Check Results for Package ggQC

Last updated on 2021-10-26 20:50:54 CEST.

Flavor Version Tinstall Tcheck Ttotal Status Flags
r-devel-linux-x86_64-debian-clang 0.0.31 8.22 78.33 86.55 NOTE
r-devel-linux-x86_64-debian-gcc 0.0.31 6.27 58.50 64.77 NOTE
r-devel-linux-x86_64-fedora-clang 0.0.31 111.64 NOTE
r-devel-linux-x86_64-fedora-gcc 0.0.31 101.65 NOTE
r-devel-windows-x86_64 0.0.31 14.00 124.00 138.00 NOTE
r-devel-windows-x86_64-gcc10-UCRT 0.0.31 NOTE
r-patched-linux-x86_64 0.0.31 15.36 78.21 93.57 NOTE
r-patched-solaris-x86 0.0.31 136.20 NOTE
r-release-linux-x86_64 0.0.31 6.21 76.45 82.66 NOTE
r-release-macos-arm64 0.0.31 NOTE
r-release-macos-x86_64 0.0.31 NOTE
r-release-windows-ix86+x86_64 0.0.31 11.00 120.00 131.00 NOTE
r-oldrel-macos-x86_64 0.0.31 OK
r-oldrel-windows-ix86+x86_64 0.0.31 15.00 116.00 131.00 OK

Check Details

Version: 0.0.31
Check: LazyData
Result: NOTE
     'LazyData' is specified without a 'data' directory
Flavors: r-devel-linux-x86_64-debian-clang, r-devel-linux-x86_64-debian-gcc, r-devel-linux-x86_64-fedora-clang, r-devel-linux-x86_64-fedora-gcc, r-devel-windows-x86_64, r-devel-windows-x86_64-gcc10-UCRT, r-patched-linux-x86_64, r-patched-solaris-x86, r-release-linux-x86_64, r-release-macos-arm64, r-release-macos-x86_64, r-release-windows-ix86+x86_64