Last updated on 2024-04-23 16:58:16 CEST.
Flavor | Version | Tinstall | Tcheck | Ttotal | Status | Flags |
---|---|---|---|---|---|---|
r-devel-linux-x86_64-debian-clang | 0.1.5 | 6.87 | 56.25 | 63.12 | NOTE | |
r-devel-linux-x86_64-debian-gcc | 0.1.5 | 5.34 | 41.76 | 47.10 | NOTE | |
r-devel-linux-x86_64-fedora-clang | 0.1.5 | 79.88 | NOTE | |||
r-devel-linux-x86_64-fedora-gcc | 0.1.5 | 76.34 | NOTE | |||
r-prerel-macos-arm64 | 0.1.5 | 30.00 | NOTE | |||
r-prerel-windows-x86_64 | 0.1.5 | 8.00 | 58.00 | 66.00 | NOTE | |
r-patched-linux-x86_64 | 0.1.5 | 6.44 | 51.54 | 57.98 | NOTE | |
r-release-linux-x86_64 | 0.1.5 | 6.39 | 52.53 | 58.92 | NOTE | |
r-release-macos-arm64 | 0.1.5 | 31.00 | NOTE | |||
r-release-macos-x86_64 | 0.1.5 | 51.00 | NOTE | |||
r-release-windows-x86_64 | 0.1.5 | 9.00 | 65.00 | 74.00 | NOTE | |
r-oldrel-macos-arm64 | 0.1.5 | 33.00 | NOTE | |||
r-oldrel-windows-x86_64 | 0.1.5 | 11.00 | 73.00 | 84.00 | NOTE |
Version: 0.1.5
Check: LazyData
Result: NOTE
'LazyData' is specified without a 'data' directory
Flavors: r-devel-linux-x86_64-debian-clang, r-devel-linux-x86_64-debian-gcc, r-devel-linux-x86_64-fedora-clang, r-devel-linux-x86_64-fedora-gcc, r-prerel-macos-arm64, r-prerel-windows-x86_64, r-patched-linux-x86_64, r-release-linux-x86_64, r-release-macos-arm64, r-release-macos-x86_64, r-release-windows-x86_64, r-oldrel-macos-arm64, r-oldrel-windows-x86_64