Last updated on 2024-04-19 16:58:43 CEST.
Flavor | Version | Tinstall | Tcheck | Ttotal | Status | Flags |
---|---|---|---|---|---|---|
r-devel-linux-x86_64-debian-clang | 1.5.2 | 9.31 | 157.08 | 166.39 | OK | |
r-devel-linux-x86_64-debian-gcc | 1.5.2 | OK | ||||
r-devel-linux-x86_64-fedora-clang | 1.5.2 | 206.30 | NOTE | |||
r-devel-linux-x86_64-fedora-gcc | 1.5.2 | 210.66 | OK | |||
r-prerel-macos-arm64 | 1.5.2 | 57.00 | NOTE | |||
r-prerel-macos-x86_64 | 1.5.2 | 133.00 | NOTE | |||
r-prerel-windows-x86_64 | 1.5.2 | 11.00 | 124.00 | 135.00 | NOTE | |
r-patched-linux-x86_64 | 1.5.2 | 8.69 | 146.69 | 155.38 | OK | |
r-release-linux-x86_64 | 1.5.2 | 7.81 | 146.46 | 154.27 | OK | |
r-release-macos-arm64 | 1.5.2 | 65.00 | NOTE | |||
r-release-macos-x86_64 | 1.5.2 | 107.00 | NOTE | |||
r-release-windows-x86_64 | 1.5.2 | 12.00 | 153.00 | 165.00 | NOTE | |
r-oldrel-macos-arm64 | 1.5.2 | 62.00 | NOTE | |||
r-oldrel-windows-x86_64 | 1.5.2 | 13.00 | 156.00 | 169.00 | NOTE |
Version: 1.5.2
Check: installed package size
Result: NOTE
installed size is 11.1Mb
sub-directories of 1Mb or more:
doc 9.5Mb
help 1.1Mb
Flavors: r-devel-linux-x86_64-fedora-clang, r-prerel-macos-arm64, r-prerel-macos-x86_64, r-prerel-windows-x86_64, r-release-macos-arm64, r-release-macos-x86_64, r-release-windows-x86_64, r-oldrel-macos-arm64, r-oldrel-windows-x86_64