CRAN Package Check Results for Package ggdemetra

Last updated on 2021-11-27 04:55:45 CET.

Flavor Version Tinstall Tcheck Ttotal Status Flags
r-devel-linux-x86_64-debian-clang 0.2.2 OK
r-devel-linux-x86_64-debian-gcc 0.2.2 4.00 57.82 61.82 OK
r-devel-linux-x86_64-fedora-clang 0.2.2 12.64 ERROR
r-devel-linux-x86_64-fedora-gcc 0.2.2 98.28 OK
r-devel-windows-x86_64-new-UL 0.2.2 14.00 115.00 129.00 OK
r-devel-windows-x86_64-new-TK 0.2.2 OK
r-devel-windows-x86_64-old 0.2.2 9.00 93.00 102.00 OK
r-patched-linux-x86_64 0.2.2 5.98 70.46 76.44 OK
r-release-linux-x86_64 0.2.2 OK
r-release-macos-arm64 0.2.2 OK
r-release-macos-x86_64 0.2.2 OK
r-release-windows-ix86+x86_64 0.2.2 15.00 66.00 81.00 OK
r-oldrel-macos-x86_64 0.2.2 OK
r-oldrel-windows-ix86+x86_64 0.2.2 17.00 85.00 102.00 OK

Check Details

Version: 0.2.2
Check: package dependencies
Result: ERROR
    Package required but not available: ‘RJDemetra’
    
    See section ‘The DESCRIPTION file’ in the ‘Writing R Extensions’
    manual.
Flavor: r-devel-linux-x86_64-fedora-clang