Last updated on 2024-03-28 23:55:07 CET.
Flavor | Version | Tinstall | Tcheck | Ttotal | Status | Flags |
---|---|---|---|---|---|---|
r-devel-linux-x86_64-debian-clang | 0.2.6.0 | 143.89 | 78.93 | 222.82 | NOTE | |
r-devel-linux-x86_64-debian-gcc | 0.2.6.0 | 114.01 | 57.97 | 171.98 | NOTE | |
r-devel-linux-x86_64-fedora-clang | 0.2.6.0 | 318.03 | NOTE | |||
r-devel-linux-x86_64-fedora-gcc | 0.2.6.0 | 322.74 | NOTE | |||
r-devel-windows-x86_64 | 0.2.6.0 | 113.00 | 97.00 | 210.00 | NOTE | |
r-patched-linux-x86_64 | 0.2.6.0 | 142.50 | 74.84 | 217.34 | NOTE | |
r-release-linux-x86_64 | 0.2.6.0 | 134.15 | 76.00 | 210.15 | NOTE | |
r-release-macos-arm64 | 0.2.6.0 | 73.00 | NOTE | |||
r-release-macos-x86_64 | 0.2.6.0 | 131.00 | NOTE | |||
r-release-windows-x86_64 | 0.2.6.0 | 136.00 | 115.00 | 251.00 | NOTE | |
r-oldrel-macos-arm64 | 0.2.6.0 | 72.00 | NOTE | |||
r-oldrel-windows-x86_64 | 0.2.6.0 | 136.00 | 111.00 | 247.00 | NOTE |
Version: 0.2.6.0
Check: C++ specification
Result: NOTE
Specified C++11: please drop specification unless essential
Flavors: r-devel-linux-x86_64-debian-clang, r-devel-linux-x86_64-debian-gcc, r-devel-linux-x86_64-fedora-clang, r-devel-linux-x86_64-fedora-gcc, r-devel-windows-x86_64, r-patched-linux-x86_64, r-release-linux-x86_64, r-release-macos-arm64, r-release-macos-x86_64, r-release-windows-x86_64
Version: 0.2.6.0
Check: LazyData
Result: NOTE
'LazyData' is specified without a 'data' directory
Flavors: r-devel-linux-x86_64-debian-clang, r-devel-linux-x86_64-debian-gcc, r-devel-linux-x86_64-fedora-clang, r-devel-linux-x86_64-fedora-gcc, r-devel-windows-x86_64, r-patched-linux-x86_64, r-release-linux-x86_64, r-release-macos-arm64, r-release-macos-x86_64, r-release-windows-x86_64, r-oldrel-macos-arm64, r-oldrel-windows-x86_64
Version: 0.2.6.0
Check: installed package size
Result: NOTE
installed size is 5.6Mb
sub-directories of 1Mb or more:
libs 5.2Mb
Flavors: r-release-macos-arm64, r-release-macos-x86_64, r-oldrel-macos-arm64