CRAN Package Check Results for Package ggedit

Last updated on 2021-09-22 13:07:00 CEST.

Flavor Version Tinstall Tcheck Ttotal Status Flags
r-devel-linux-x86_64-debian-clang 0.3.1 11.85 97.32 109.17 OK
r-devel-linux-x86_64-debian-gcc 0.3.1 9.76 73.64 83.40 OK
r-devel-linux-x86_64-fedora-clang 0.3.1 136.39 NOTE
r-devel-linux-x86_64-fedora-gcc 0.3.1 122.01 NOTE
r-devel-windows-x86_64 0.3.1 12.00 93.00 105.00 OK
r-devel-windows-x86_64-gcc10-UCRT 0.3.1 ERROR
r-patched-linux-x86_64 0.3.1 10.42 90.85 101.27 OK
r-patched-solaris-x86 0.3.1 164.40 NOTE
r-release-linux-x86_64 0.3.1 10.47 90.49 100.96 OK
r-release-macos-arm64 0.3.1 NOTE
r-release-macos-x86_64 0.3.1 NOTE
r-release-windows-ix86+x86_64 0.3.1 23.00 92.00 115.00 OK
r-oldrel-macos-x86_64 0.3.1 NOTE
r-oldrel-windows-ix86+x86_64 0.3.1 15.00 86.00 101.00 OK

Check Details

Version: 0.3.1
Check: dependencies in R code
Result: NOTE
    Namespace in Imports field not imported from: ‘magrittr’
     All declared Imports should be used.
Flavors: r-devel-linux-x86_64-fedora-clang, r-devel-linux-x86_64-fedora-gcc, r-devel-windows-x86_64-gcc10-UCRT, r-patched-solaris-x86, r-release-macos-arm64, r-release-macos-x86_64, r-oldrel-macos-x86_64

Version: 0.3.1
Check: PDF version of manual
Result: WARN
    LaTeX errors when creating PDF version.
    This typically indicates Rd problems.
Flavor: r-devel-windows-x86_64-gcc10-UCRT

Version: 0.3.1
Check: PDF version of manual without hyperrefs or index
Result: ERROR
    Re-running with no redirection of stdout/stderr.
Flavor: r-devel-windows-x86_64-gcc10-UCRT