Last updated on 2023-12-03 08:50:08 CET.
Flavor | Version | Tinstall | Tcheck | Ttotal | Status | Flags |
---|---|---|---|---|---|---|
r-devel-linux-x86_64-debian-clang | 1.0.0 | 5.17 | 67.98 | 73.15 | NOTE | |
r-devel-linux-x86_64-debian-gcc | 1.0.0 | 4.68 | 50.69 | 55.37 | NOTE | |
r-devel-linux-x86_64-fedora-clang | 1.0.0 | 92.84 | NOTE | |||
r-devel-linux-x86_64-fedora-gcc | 1.0.0 | 96.92 | NOTE | |||
r-devel-windows-x86_64 | 1.0.0 | 6.00 | 69.00 | 75.00 | NOTE | |
r-patched-linux-x86_64 | 1.0.0 | 4.73 | 62.94 | 67.67 | NOTE | |
r-release-linux-x86_64 | 1.0.0 | 5.62 | 63.55 | 69.17 | NOTE | |
r-release-macos-arm64 | 1.0.0 | 37.00 | NOTE | |||
r-release-macos-x86_64 | 1.0.0 | 58.00 | NOTE | |||
r-release-windows-x86_64 | 1.0.0 | 7.00 | 80.00 | 87.00 | NOTE | |
r-oldrel-macos-arm64 | 1.0.0 | 35.00 | NOTE | |||
r-oldrel-macos-x86_64 | 1.0.0 | 61.00 | NOTE | |||
r-oldrel-windows-x86_64 | 1.0.0 | 8.00 | 85.00 | 93.00 | NOTE |
Version: 1.0.0
Check: LazyData
Result: NOTE
'LazyData' is specified without a 'data' directory
Flavors: r-devel-linux-x86_64-debian-clang, r-devel-linux-x86_64-debian-gcc, r-devel-linux-x86_64-fedora-clang, r-devel-linux-x86_64-fedora-gcc, r-devel-windows-x86_64, r-patched-linux-x86_64, r-release-linux-x86_64, r-release-macos-arm64, r-release-macos-x86_64, r-release-windows-x86_64, r-oldrel-macos-arm64, r-oldrel-macos-x86_64, r-oldrel-windows-x86_64