Last updated on 2024-04-24 09:21:46 CEST.
Flavor | Version | Tinstall | Tcheck | Ttotal | Status | Flags |
---|---|---|---|---|---|---|
r-devel-linux-x86_64-debian-clang | 0.12.0 | 24.52 | 269.52 | 294.04 | OK | |
r-devel-linux-x86_64-debian-gcc | 0.12.0 | 16.30 | 195.87 | 212.17 | OK | |
r-devel-linux-x86_64-fedora-clang | 0.12.0 | 366.03 | NOTE | |||
r-devel-linux-x86_64-fedora-gcc | 0.12.0 | 355.38 | OK | |||
r-patched-linux-x86_64 | 0.12.0 | 25.18 | 253.24 | 278.42 | OK | |
r-release-linux-x86_64 | 0.12.0 | 18.85 | 246.68 | 265.53 | OK | |
r-release-macos-arm64 | 0.12.0 | 94.00 | OK | |||
r-release-windows-x86_64 | 0.12.0 | 23.00 | 268.00 | 291.00 | OK | |
r-oldrel-macos-arm64 | 0.12.0 | 95.00 | OK | |||
r-oldrel-macos-x86_64 | 0.12.0 | 219.00 | OK | |||
r-oldrel-windows-x86_64 | 0.12.0 | 24.00 | 248.00 | 272.00 | OK |
Version: 0.12.0
Check: Rd cross-references
Result: NOTE
Undeclared packages ‘akima’, ‘ggforce’ in Rd xrefs
Flavor: r-devel-linux-x86_64-fedora-clang