Last updated on 2024-03-28 23:55:07 CET.
Flavor | Version | Tinstall | Tcheck | Ttotal | Status | Flags |
---|---|---|---|---|---|---|
r-devel-linux-x86_64-debian-clang | 1.1.2 | 6.06 | 49.96 | 56.02 | NOTE | |
r-devel-linux-x86_64-debian-gcc | 1.1.2 | 4.45 | 39.01 | 43.46 | NOTE | |
r-devel-linux-x86_64-fedora-clang | 1.1.2 | 70.20 | NOTE | |||
r-devel-linux-x86_64-fedora-gcc | 1.1.2 | 66.49 | NOTE | |||
r-devel-windows-x86_64 | 1.1.2 | 7.00 | 57.00 | 64.00 | NOTE | |
r-patched-linux-x86_64 | 1.1.2 | 3.71 | 47.91 | 51.62 | NOTE | |
r-release-linux-x86_64 | 1.1.2 | 3.62 | 48.73 | 52.35 | NOTE | |
r-release-macos-arm64 | 1.1.2 | 25.00 | NOTE | |||
r-release-macos-x86_64 | 1.1.2 | 39.00 | NOTE | |||
r-release-windows-x86_64 | 1.1.2 | 7.00 | 62.00 | 69.00 | NOTE | |
r-oldrel-macos-arm64 | 1.1.2 | 25.00 | NOTE | |||
r-oldrel-windows-x86_64 | 1.1.2 | 9.00 | 66.00 | 75.00 | NOTE |
Version: 1.1.2
Check: LazyData
Result: NOTE
'LazyData' is specified without a 'data' directory
Flavors: r-devel-linux-x86_64-debian-clang, r-devel-linux-x86_64-debian-gcc, r-devel-linux-x86_64-fedora-clang, r-devel-linux-x86_64-fedora-gcc, r-devel-windows-x86_64, r-patched-linux-x86_64, r-release-linux-x86_64, r-release-macos-arm64, r-release-macos-x86_64, r-release-windows-x86_64, r-oldrel-macos-arm64, r-oldrel-windows-x86_64