CRAN Package Check Results for Package gghalfnorm

Last updated on 2021-12-02 00:49:11 CET.

Flavor Version Tinstall Tcheck Ttotal Status Flags
r-devel-linux-x86_64-debian-clang 1.1.2 4.42 48.64 53.06 NOTE
r-devel-linux-x86_64-debian-gcc 1.1.2 3.48 36.41 39.89 NOTE
r-devel-linux-x86_64-fedora-clang 1.1.2 75.33 NOTE
r-devel-linux-x86_64-fedora-gcc 1.1.2 61.10 NOTE
r-devel-windows-x86_64-new-UL 1.1.2 10.00 86.00 96.00 NOTE
r-devel-windows-x86_64-new-TK 1.1.2 NOTE
r-devel-windows-x86_64-old 1.1.2 8.00 52.00 60.00 NOTE
r-patched-linux-x86_64 1.1.2 4.31 44.19 48.50 NOTE
r-patched-solaris-x86 1.1.2 89.40 NOTE
r-release-linux-x86_64 1.1.2 3.89 44.48 48.37 NOTE
r-release-macos-arm64 1.1.2 NOTE
r-release-macos-x86_64 1.1.2 NOTE
r-release-windows-ix86+x86_64 1.1.2 12.00 73.00 85.00 NOTE
r-oldrel-macos-x86_64 1.1.2 OK
r-oldrel-windows-ix86+x86_64 1.1.2 13.00 70.00 83.00 OK

Check Details

Version: 1.1.2
Check: LazyData
Result: NOTE
     'LazyData' is specified without a 'data' directory
Flavors: r-devel-linux-x86_64-debian-clang, r-devel-linux-x86_64-debian-gcc, r-devel-linux-x86_64-fedora-clang, r-devel-linux-x86_64-fedora-gcc, r-devel-windows-x86_64-new-UL, r-devel-windows-x86_64-new-TK, r-devel-windows-x86_64-old, r-patched-linux-x86_64, r-patched-solaris-x86, r-release-linux-x86_64, r-release-macos-arm64, r-release-macos-x86_64, r-release-windows-ix86+x86_64