CRAN Package Check Results for Package gglasso

Last updated on 2022-10-07 04:55:51 CEST.

Flavor Version Tinstall Tcheck Ttotal Status Flags
r-devel-linux-x86_64-debian-clang 1.5 13.31 56.46 69.77 OK
r-devel-linux-x86_64-debian-gcc 1.5 10.24 42.23 52.47 NOTE
r-devel-linux-x86_64-fedora-clang 1.5 94.83 OK
r-devel-linux-x86_64-fedora-gcc 1.5 96.30 OK
r-devel-windows-x86_64 1.5 22.00 102.00 124.00 OK
r-patched-linux-x86_64 1.5 10.49 53.13 63.62 OK
r-release-linux-x86_64 1.5 9.67 53.95 63.62 OK
r-release-macos-arm64 1.5 40.00 OK
r-release-macos-x86_64 1.5 45.00 OK
r-release-windows-x86_64 1.5 26.00 101.00 127.00 OK
r-oldrel-macos-arm64 1.5 39.00 OK
r-oldrel-macos-x86_64 1.5 63.00 OK
r-oldrel-windows-ix86+x86_64 1.5 27.00 136.00 163.00 OK

Check Details

Version: 1.5
Check: compilation flags used
Result: NOTE
    Compilation used the following non-portable flag(s):
     ‘-Wstrict-prototypes’
Flavor: r-devel-linux-x86_64-debian-gcc