Last updated on 2024-03-28 23:55:07 CET.
Flavor | Version | Tinstall | Tcheck | Ttotal | Status | Flags |
---|---|---|---|---|---|---|
r-devel-linux-x86_64-debian-clang | 0.2.0 | 8.97 | 80.78 | 89.75 | NOTE | |
r-devel-linux-x86_64-debian-gcc | 0.2.0 | 6.35 | 60.32 | 66.67 | NOTE | |
r-devel-linux-x86_64-fedora-clang | 0.2.0 | 107.79 | NOTE | |||
r-devel-linux-x86_64-fedora-gcc | 0.2.0 | 103.00 | NOTE | |||
r-devel-windows-x86_64 | 0.2.0 | 8.00 | 75.00 | 83.00 | NOTE | |
r-patched-linux-x86_64 | 0.2.0 | 5.17 | 76.76 | 81.93 | NOTE | |
r-release-linux-x86_64 | 0.2.0 | 5.09 | 75.90 | 80.99 | OK | |
r-release-macos-arm64 | 0.2.0 | 34.00 | OK | |||
r-release-macos-x86_64 | 0.2.0 | 53.00 | OK | |||
r-release-windows-x86_64 | 0.2.0 | 10.00 | 90.00 | 100.00 | OK | |
r-oldrel-macos-arm64 | 0.2.0 | 40.00 | OK | |||
r-oldrel-windows-x86_64 | 0.2.0 | 11.00 | 105.00 | 116.00 | OK |
Version: 0.2.0
Check: Rd files
Result: NOTE
checkRd: (-1) pcp_scale.Rd:50: Lost braces in \itemize; meant \describe ?
checkRd: (-1) pcp_scale.Rd:51: Lost braces in \itemize; meant \describe ?
checkRd: (-1) pcp_scale.Rd:52: Lost braces in \itemize; meant \describe ?
checkRd: (-1) pcp_scale.Rd:53: Lost braces in \itemize; meant \describe ?
checkRd: (-1) pcp_scale.Rd:54-55: Lost braces in \itemize; meant \describe ?
Flavors: r-devel-linux-x86_64-debian-clang, r-devel-linux-x86_64-debian-gcc, r-devel-linux-x86_64-fedora-clang, r-devel-linux-x86_64-fedora-gcc, r-devel-windows-x86_64, r-patched-linux-x86_64
Version: 0.2.0
Check: Rd cross-references
Result: NOTE
Undeclared package ‘ggdensity’ in Rd xrefs
Flavor: r-devel-linux-x86_64-fedora-clang