CRAN Package Check Results for Package ggplot.multistats

Last updated on 2024-07-17 08:55:13 CEST.

Flavor Version Tinstall Tcheck Ttotal Status Flags
r-devel-linux-x86_64-debian-clang 1.0.0 4.56 49.16 53.72 NOTE
r-devel-linux-x86_64-debian-gcc 1.0.0 4.27 38.26 42.53 NOTE
r-devel-linux-x86_64-fedora-clang 1.0.0 71.24 NOTE
r-devel-linux-x86_64-fedora-gcc 1.0.0 65.05 NOTE
r-devel-windows-x86_64 1.0.0 6.00 63.00 69.00 NOTE
r-patched-linux-x86_64 1.0.0 9.51 48.06 57.57 NOTE
r-release-linux-x86_64 1.0.0 4.80 48.81 53.61 NOTE
r-release-macos-arm64 1.0.0 25.00 NOTE
r-release-macos-x86_64 1.0.0 36.00 NOTE
r-release-windows-x86_64 1.0.0 7.00 63.00 70.00 NOTE
r-oldrel-macos-arm64 1.0.0 27.00 NOTE
r-oldrel-macos-x86_64 1.0.0 35.00 NOTE
r-oldrel-windows-x86_64 1.0.0 7.00 67.00 74.00 NOTE

Check Details

Version: 1.0.0
Check: LazyData
Result: NOTE 'LazyData' is specified without a 'data' directory Flavors: r-devel-linux-x86_64-debian-clang, r-devel-linux-x86_64-debian-gcc, r-devel-linux-x86_64-fedora-clang, r-devel-linux-x86_64-fedora-gcc, r-devel-windows-x86_64, r-patched-linux-x86_64, r-release-linux-x86_64, r-release-macos-arm64, r-release-macos-x86_64, r-release-windows-x86_64, r-oldrel-macos-arm64, r-oldrel-macos-x86_64, r-oldrel-windows-x86_64

Version: 1.0.0
Check: Rd cross-references
Result: NOTE Found the following Rd file(s) with Rd \link{} targets missing package anchors: stat_summaries_hex.Rd: aes, aes_, ggplot, fortify, layer, borders Please provide package anchors for all Rd \link{} targets not in the package itself and the base packages. Flavor: r-devel-windows-x86_64