Last updated on 2023-03-29 17:50:09 CEST.
Flavor | Version | Tinstall | Tcheck | Ttotal | Status | Flags |
---|---|---|---|---|---|---|
r-devel-linux-x86_64-debian-clang | 3.4.1 | 30.36 | 531.46 | 561.82 | WARN | |
r-devel-linux-x86_64-debian-gcc | 3.4.1 | 22.21 | 387.88 | 410.09 | WARN | |
r-devel-linux-x86_64-fedora-clang | 3.4.1 | 663.86 | WARN | |||
r-devel-linux-x86_64-fedora-gcc | 3.4.1 | 713.88 | WARN | |||
r-devel-windows-x86_64 | 3.4.1 | 778.00 | 0.00 | 778.00 | WARN | |
r-patched-linux-x86_64 | 3.4.1 | 37.40 | 506.61 | 544.01 | WARN | |
r-release-linux-x86_64 | 3.4.1 | 32.79 | 477.03 | 509.82 | OK | |
r-release-macos-arm64 | 3.4.1 | 122.00 | NOTE | |||
r-release-macos-x86_64 | 3.4.1 | 218.00 | NOTE | |||
r-release-windows-x86_64 | 3.4.1 | 649.00 | 599.00 | 1248.00 | NOTE | |
r-oldrel-macos-arm64 | 3.4.1 | 112.00 | NOTE | |||
r-oldrel-macos-x86_64 | 3.4.1 | 218.00 | NOTE | |||
r-oldrel-windows-ix86+x86_64 | 3.4.1 | 50.00 | 573.00 | 623.00 | NOTE |
Version: 3.4.1
Check: S3 generic/method consistency
Result: WARN
makeContext:
function(x)
makeContext.dotstackGrob:
function(x, recording)
See section ‘Generic functions and methods’ in the ‘Writing R
Extensions’ manual.
Flavors: r-devel-linux-x86_64-debian-clang, r-devel-linux-x86_64-debian-gcc, r-devel-linux-x86_64-fedora-clang, r-devel-linux-x86_64-fedora-gcc, r-devel-windows-x86_64, r-patched-linux-x86_64
Version: 3.4.1
Check: installed package size
Result: NOTE
installed size is 5.1Mb
sub-directories of 1Mb or more:
R 1.2Mb
doc 1.9Mb
Flavors: r-devel-linux-x86_64-fedora-clang, r-devel-windows-x86_64, r-release-macos-arm64, r-release-macos-x86_64, r-release-windows-x86_64, r-oldrel-macos-arm64, r-oldrel-macos-x86_64, r-oldrel-windows-ix86+x86_64
Version: 3.4.1
Check: dependencies in R code
Result: NOTE
Namespace in Imports field not imported from: ‘mgcv’
All declared Imports should be used.
Flavors: r-devel-linux-x86_64-fedora-clang, r-devel-linux-x86_64-fedora-gcc
Version: 3.4.1
Check: Rd cross-references
Result: NOTE
Undeclared packages ‘interp’, ‘akima’ in Rd xrefs
Flavor: r-devel-linux-x86_64-fedora-clang