CRAN Package Check Results for Package ggplotgui

Last updated on 2023-06-08 08:55:22 CEST.

Flavor Version Tinstall Tcheck Ttotal Status Flags
r-devel-linux-x86_64-debian-clang 1.0.0 7.21 64.27 71.48 NOTE
r-devel-linux-x86_64-debian-gcc 1.0.0 6.17 47.57 53.74 NOTE
r-devel-linux-x86_64-fedora-clang 1.0.0 91.87 NOTE
r-devel-linux-x86_64-fedora-gcc 1.0.0 83.69 NOTE
r-devel-windows-x86_64 1.0.0 8.00 66.00 74.00 NOTE
r-patched-linux-x86_64 1.0.0 6.05 59.85 65.90 NOTE
r-release-linux-x86_64 1.0.0 5.35 58.61 63.96 NOTE
r-release-macos-arm64 1.0.0 31.00 NOTE
r-release-macos-x86_64 1.0.0 46.00 NOTE
r-release-windows-x86_64 1.0.0 11.00 74.00 85.00 NOTE
r-oldrel-macos-arm64 1.0.0 31.00 NOTE
r-oldrel-macos-x86_64 1.0.0 49.00 NOTE
r-oldrel-windows-x86_64 1.0.0 11.00 81.00 92.00 NOTE

Check Details

Version: 1.0.0
Check: LazyData
Result: NOTE
     'LazyData' is specified without a 'data' directory
Flavors: r-devel-linux-x86_64-debian-clang, r-devel-linux-x86_64-debian-gcc, r-devel-linux-x86_64-fedora-clang, r-devel-linux-x86_64-fedora-gcc, r-devel-windows-x86_64, r-patched-linux-x86_64, r-release-linux-x86_64, r-release-macos-arm64, r-release-macos-x86_64, r-release-windows-x86_64, r-oldrel-macos-arm64, r-oldrel-macos-x86_64, r-oldrel-windows-x86_64