Last updated on 2024-04-23 16:58:16 CEST.
Flavor | Version | Tinstall | Tcheck | Ttotal | Status | Flags |
---|---|---|---|---|---|---|
r-devel-linux-x86_64-debian-clang | 0.0.7 | 9.10 | 57.84 | 66.94 | NOTE | |
r-devel-linux-x86_64-debian-gcc | 0.0.7 | 6.39 | 43.93 | 50.32 | NOTE | |
r-devel-linux-x86_64-fedora-clang | 0.0.7 | 91.05 | NOTE | |||
r-devel-linux-x86_64-fedora-gcc | 0.0.7 | 88.34 | NOTE | |||
r-prerel-macos-arm64 | 0.0.7 | 28.00 | NOTE | |||
r-prerel-windows-x86_64 | 0.0.7 | 11.00 | 63.00 | 74.00 | NOTE | |
r-patched-linux-x86_64 | 0.0.7 | 9.52 | 56.16 | 65.68 | NOTE | |
r-release-linux-x86_64 | 0.0.7 | 7.76 | 55.43 | 63.19 | NOTE | |
r-release-macos-arm64 | 0.0.7 | 28.00 | NOTE | |||
r-release-macos-x86_64 | 0.0.7 | 44.00 | NOTE | |||
r-release-windows-x86_64 | 0.0.7 | 13.00 | 71.00 | 84.00 | NOTE | |
r-oldrel-macos-arm64 | 0.0.7 | 27.00 | NOTE | |||
r-oldrel-windows-x86_64 | 0.0.7 | 12.00 | 77.00 | 89.00 | NOTE |
Version: 0.0.7
Check: LazyData
Result: NOTE
'LazyData' is specified without a 'data' directory
Flavors: r-devel-linux-x86_64-debian-clang, r-devel-linux-x86_64-debian-gcc, r-devel-linux-x86_64-fedora-clang, r-devel-linux-x86_64-fedora-gcc, r-prerel-macos-arm64, r-prerel-windows-x86_64, r-patched-linux-x86_64, r-release-linux-x86_64, r-release-macos-arm64, r-release-macos-x86_64, r-release-windows-x86_64, r-oldrel-macos-arm64, r-oldrel-windows-x86_64
Version: 0.0.7
Check: dependencies in R code
Result: NOTE
Namespaces in Imports field not imported from:
‘dplyr’ ‘grDevices’
All declared Imports should be used.
Flavors: r-devel-linux-x86_64-fedora-clang, r-devel-linux-x86_64-fedora-gcc, r-oldrel-macos-arm64