CRAN Package Check Results for Package ggpol

Last updated on 2021-10-23 05:02:35 CEST.

Flavor Version Tinstall Tcheck Ttotal Status Flags
r-devel-linux-x86_64-debian-clang 0.0.7 8.91 56.62 65.53 NOTE
r-devel-linux-x86_64-debian-gcc 0.0.7 8.15 42.40 50.55 NOTE
r-devel-linux-x86_64-fedora-clang 0.0.7 91.63 NOTE
r-devel-linux-x86_64-fedora-gcc 0.0.7 75.90 NOTE
r-devel-windows-x86_64 0.0.7 16.00 90.00 106.00 NOTE
r-devel-windows-x86_64-gcc10-UCRT 0.0.7 NOTE
r-patched-linux-x86_64 0.0.7 9.11 53.40 62.51 NOTE
r-patched-solaris-x86 0.0.7 109.00 NOTE
r-release-linux-x86_64 0.0.7 8.50 52.07 60.57 NOTE
r-release-macos-arm64 0.0.7 NOTE
r-release-macos-x86_64 0.0.7 NOTE
r-release-windows-ix86+x86_64 0.0.7 15.00 78.00 93.00 NOTE
r-oldrel-macos-x86_64 0.0.7 NOTE
r-oldrel-windows-ix86+x86_64 0.0.7 20.00 75.00 95.00 OK

Check Details

Version: 0.0.7
Check: LazyData
Result: NOTE
     'LazyData' is specified without a 'data' directory
Flavors: r-devel-linux-x86_64-debian-clang, r-devel-linux-x86_64-debian-gcc, r-devel-linux-x86_64-fedora-clang, r-devel-linux-x86_64-fedora-gcc, r-devel-windows-x86_64, r-devel-windows-x86_64-gcc10-UCRT, r-patched-linux-x86_64, r-patched-solaris-x86, r-release-linux-x86_64, r-release-macos-arm64, r-release-macos-x86_64, r-release-windows-ix86+x86_64

Version: 0.0.7
Check: dependencies in R code
Result: NOTE
    Namespaces in Imports field not imported from:
     ‘dplyr’ ‘grDevices’
     All declared Imports should be used.
Flavors: r-devel-linux-x86_64-fedora-clang, r-devel-linux-x86_64-fedora-gcc, r-devel-windows-x86_64-gcc10-UCRT, r-patched-solaris-x86, r-release-macos-arm64, r-release-macos-x86_64, r-oldrel-macos-x86_64