Last updated on 2023-06-04 08:57:10 CEST.
Flavor | Version | Tinstall | Tcheck | Ttotal | Status | Flags |
---|---|---|---|---|---|---|
r-devel-linux-x86_64-debian-clang | 0.6.0 | 17.30 | 318.33 | 335.63 | OK | |
r-devel-linux-x86_64-debian-gcc | 0.6.0 | 14.65 | 243.69 | 258.34 | OK | |
r-devel-linux-x86_64-fedora-clang | 0.6.0 | 410.22 | NOTE | |||
r-devel-linux-x86_64-fedora-gcc | 0.6.0 | 413.56 | OK | |||
r-devel-windows-x86_64 | 0.6.0 | 17.00 | 245.00 | 262.00 | OK | |
r-patched-linux-x86_64 | 0.6.0 | 23.62 | 308.02 | 331.64 | OK | |
r-release-linux-x86_64 | 0.6.0 | 16.09 | 299.87 | 315.96 | OK | |
r-release-macos-arm64 | 0.6.0 | 119.00 | OK | |||
r-release-macos-x86_64 | 0.6.0 | 194.00 | OK | |||
r-release-windows-x86_64 | 0.6.0 | 19.00 | 334.00 | 353.00 | OK | |
r-oldrel-macos-arm64 | 0.6.0 | 67.00 | OK | |||
r-oldrel-macos-x86_64 | 0.6.0 | 138.00 | OK | |||
r-oldrel-windows-x86_64 | 0.6.0 | 21.00 | 314.00 | 335.00 | OK |
Version: 0.6.0
Check: Rd cross-references
Result: NOTE
Undeclared package ‘car’ in Rd xrefs
Flavor: r-devel-linux-x86_64-fedora-clang