CRAN Package Check Results for Package ggquickeda

Last updated on 2021-09-26 00:48:41 CEST.

Flavor Version Tinstall Tcheck Ttotal Status Flags
r-devel-linux-x86_64-debian-clang 0.2.1 6.11 64.22 70.33 OK
r-devel-linux-x86_64-debian-gcc 0.2.1 5.29 47.81 53.10 OK
r-devel-linux-x86_64-fedora-clang 0.2.1 90.17 NOTE
r-devel-linux-x86_64-fedora-gcc 0.2.1 76.68 NOTE
r-devel-windows-x86_64 0.2.1 9.00 66.00 75.00 OK
r-devel-windows-x86_64-gcc10-UCRT 0.2.1 NOTE
r-patched-linux-x86_64 0.2.1 12.42 59.87 72.29 OK
r-patched-solaris-x86 0.2.1 117.80 NOTE
r-release-linux-x86_64 0.2.1 6.87 59.58 66.45 OK
r-release-macos-arm64 0.2.1 NOTE
r-release-macos-x86_64 0.2.1 NOTE
r-release-windows-ix86+x86_64 0.2.1 19.00 63.00 82.00 OK
r-oldrel-macos-x86_64 0.2.1 NOTE
r-oldrel-windows-ix86+x86_64 0.2.1 13.00 66.00 79.00 OK

Check Details

Version: 0.2.1
Check: package dependencies
Result: NOTE
    Imports includes 29 non-default packages.
    Importing from so many packages makes the package vulnerable to any of
    them becoming unavailable. Move as many as possible to Suggests and
    use conditionally.
Flavor: r-devel-linux-x86_64-fedora-clang

Version: 0.2.1
Check: dependencies in R code
Result: NOTE
    Namespaces in Imports field not imported from:
     ‘DT’ ‘Formula’ ‘GGally’ ‘Hmisc’ ‘RPostgres’ ‘colourpicker’ ‘dplyr’
     ‘ggpmisc’ ‘ggpubr’ ‘ggrepel’ ‘gridExtra’ ‘markdown’ ‘plotly’
     ‘quantreg’ ‘rlang’ ‘shinyFiles’ ‘shinyjqui’ ‘shinyjs’ ‘survival’
     ‘survminer’ ‘table1’ ‘tidyr’ ‘zoo’
     All declared Imports should be used.
Flavors: r-devel-linux-x86_64-fedora-clang, r-devel-linux-x86_64-fedora-gcc, r-devel-windows-x86_64-gcc10-UCRT, r-patched-solaris-x86, r-release-macos-arm64, r-release-macos-x86_64, r-oldrel-macos-x86_64