Last updated on 2024-03-28 23:55:07 CET.
Flavor | Version | Tinstall | Tcheck | Ttotal | Status | Flags |
---|---|---|---|---|---|---|
r-devel-linux-x86_64-debian-clang | 2.2.1 | 51.32 | 254.51 | 305.83 | OK | |
r-devel-linux-x86_64-debian-gcc | 2.2.1 | 41.25 | 194.54 | 235.79 | OK | |
r-devel-linux-x86_64-fedora-clang | 2.2.1 | 413.37 | NOTE | |||
r-devel-linux-x86_64-fedora-gcc | 2.2.1 | 403.16 | OK | |||
r-devel-windows-x86_64 | 2.2.1 | 49.00 | 356.00 | 405.00 | NOTE | |
r-patched-linux-x86_64 | 2.2.1 | 48.02 | 248.79 | 296.81 | OK | |
r-release-linux-x86_64 | 2.2.1 | 45.42 | 247.81 | 293.23 | OK | |
r-release-macos-arm64 | 2.2.1 | 119.00 | NOTE | |||
r-release-macos-x86_64 | 2.2.1 | 308.00 | NOTE | |||
r-release-windows-x86_64 | 2.2.1 | 60.00 | 414.00 | 474.00 | NOTE | |
r-oldrel-macos-arm64 | 2.2.1 | 82.00 | NOTE | |||
r-oldrel-windows-x86_64 | 2.2.1 | 57.00 | 422.00 | 479.00 | NOTE |
Version: 2.2.1
Check: installed package size
Result: NOTE
installed size is 5.8Mb
sub-directories of 1Mb or more:
doc 3.9Mb
Flavors: r-devel-linux-x86_64-fedora-clang, r-devel-windows-x86_64, r-release-macos-arm64, r-release-macos-x86_64, r-release-windows-x86_64, r-oldrel-macos-arm64, r-oldrel-windows-x86_64