Last updated on 2023-06-08 08:55:22 CEST.
Flavor | Version | Tinstall | Tcheck | Ttotal | Status | Flags |
---|---|---|---|---|---|---|
r-devel-linux-x86_64-debian-clang | 1.3 | 16.55 | 129.73 | 146.28 | OK | |
r-devel-linux-x86_64-debian-gcc | 1.3 | 14.02 | 98.25 | 112.27 | OK | |
r-devel-linux-x86_64-fedora-clang | 1.3 | 183.63 | NOTE | |||
r-devel-linux-x86_64-fedora-gcc | 1.3 | 171.84 | NOTE | |||
r-devel-windows-x86_64 | 1.3 | 15.00 | 105.00 | 120.00 | OK | |
r-patched-linux-x86_64 | 1.3 | 17.07 | 122.17 | 139.24 | OK | |
r-release-linux-x86_64 | 1.3 | 15.87 | 121.21 | 137.08 | OK | |
r-release-macos-arm64 | 1.3 | 53.00 | OK | |||
r-release-macos-x86_64 | 1.3 | 85.00 | OK | |||
r-release-windows-x86_64 | 1.3 | 19.00 | 130.00 | 149.00 | OK | |
r-oldrel-macos-arm64 | 1.3 | 60.00 | NOTE | |||
r-oldrel-macos-x86_64 | 1.3 | 84.00 | NOTE | |||
r-oldrel-windows-x86_64 | 1.3 | 19.00 | 131.00 | 150.00 | OK |
Version: 1.3
Check: dependencies in R code
Result: NOTE
Namespaces in Imports field not imported from:
‘nomogramFormula’ ‘survival’
All declared Imports should be used.
Flavors: r-devel-linux-x86_64-fedora-clang, r-devel-linux-x86_64-fedora-gcc, r-oldrel-macos-arm64, r-oldrel-macos-x86_64