CRAN Package Check Results for Package ggstatsplot

Last updated on 2021-10-21 00:49:46 CEST.

Flavor Version Tinstall Tcheck Ttotal Status Flags
r-devel-linux-x86_64-debian-clang 0.8.0 17.42 217.42 234.84 OK
r-devel-linux-x86_64-debian-gcc 0.9.0 9.63 160.52 170.15 OK
r-devel-linux-x86_64-fedora-clang 0.9.0 283.39 NOTE
r-devel-linux-x86_64-fedora-gcc 0.9.0 276.58 NOTE
r-devel-windows-x86_64 0.8.0 30.00 252.00 282.00 OK
r-devel-windows-x86_64-gcc10-UCRT 0.9.0 NOTE
r-patched-linux-x86_64 0.8.0 19.31 207.01 226.32 OK
r-patched-solaris-x86 0.9.0 316.60 NOTE
r-release-linux-x86_64 0.8.0 19.86 206.42 226.28 OK
r-release-macos-arm64 0.8.0 OK
r-release-macos-x86_64 0.8.0 OK
r-release-windows-ix86+x86_64 0.8.0 41.00 236.00 277.00 OK
r-oldrel-macos-x86_64 0.8.0 OK
r-oldrel-windows-ix86+x86_64 0.8.0 44.00 246.00 290.00 OK

Check Details

Version: 0.9.0
Check: dependencies in R code
Result: NOTE
    Namespace in Imports field not imported from: ‘datawizard’
     All declared Imports should be used.
Flavors: r-devel-linux-x86_64-fedora-clang, r-devel-linux-x86_64-fedora-gcc, r-devel-windows-x86_64-gcc10-UCRT, r-patched-solaris-x86

Version: 0.9.0
Check: Rd cross-references
Result: NOTE
    Undeclared package ‘BayesFactor’ in Rd xrefs
Flavor: r-devel-linux-x86_64-fedora-clang