Last updated on 2024-07-18 00:54:54 CEST.
Flavor | Version | Tinstall | Tcheck | Ttotal | Status | Flags |
---|---|---|---|---|---|---|
r-devel-linux-x86_64-debian-clang | 0.1.3 | 2.48 | 207.41 | 209.89 | OK | |
r-devel-linux-x86_64-debian-gcc | 0.1.3 | 2.20 | 161.54 | 163.74 | OK | |
r-devel-linux-x86_64-fedora-clang | 0.1.3 | 260.43 | OK | |||
r-devel-linux-x86_64-fedora-gcc | 0.1.3 | 268.11 | OK | |||
r-devel-windows-x86_64 | 0.1.3 | 4.00 | 497.00 | 501.00 | OK | |
r-patched-linux-x86_64 | 0.1.3 | 2.82 | 201.35 | 204.17 | OK | |
r-release-linux-x86_64 | 0.1.3 | 2.66 | 201.75 | 204.41 | OK | |
r-release-macos-arm64 | 0.1.3 | 116.00 | OK | |||
r-release-macos-x86_64 | 0.1.3 | 280.00 | OK | |||
r-release-windows-x86_64 | 0.1.3 | 5.00 | 497.00 | 502.00 | OK | |
r-oldrel-macos-arm64 | 0.1.3 | 121.00 | ERROR | |||
r-oldrel-macos-x86_64 | 0.1.3 | 243.00 | ERROR | |||
r-oldrel-windows-x86_64 | 0.1.3 | 5.00 | 456.00 | 461.00 | OK |
Version: 0.1.3
Check: running R code from vignettes
Result: ERROR
Errors in running code in vignettes:
when running code in ‘examples.Rnw’
...
+ fig.width = 3, fig. .... [TRUNCATED]
> p <- ggplot(mtcars, aes(disp, mpg)) + geom_point()
> ggtikz(p, "\\fill[red] (0.5,0.5) circle (2mm);", xy = "plot")
Loading required namespace: tikzDevice
When sourcing ‘examples.R’:
Error: The active device is not a tikz device, please start a tikz device to use this function. See ?tikz.
Execution halted
‘examples.Rnw’ using ‘UTF-8’... failed
Flavors: r-oldrel-macos-arm64, r-oldrel-macos-x86_64