Last updated on 2023-06-02 07:55:23 CEST.
Flavor | Version | Tinstall | Tcheck | Ttotal | Status | Flags |
---|---|---|---|---|---|---|
r-devel-linux-x86_64-debian-clang | 3.0.0 | 20.77 | 308.48 | 329.25 | NOTE | |
r-devel-linux-x86_64-debian-gcc | 3.0.0 | 17.08 | 224.79 | 241.87 | NOTE | |
r-devel-linux-x86_64-fedora-clang | 3.0.0 | 418.56 | NOTE | |||
r-devel-linux-x86_64-fedora-gcc | 3.0.0 | 428.34 | NOTE | |||
r-devel-windows-x86_64 | 3.0.0 | 21.00 | 284.00 | 305.00 | NOTE | |
r-patched-linux-x86_64 | 3.0.0 | NOTE | ||||
r-release-linux-x86_64 | 3.0.0 | 19.82 | 294.95 | 314.77 | NOTE | |
r-release-macos-arm64 | 3.0.0 | 174.00 | NOTE | |||
r-release-macos-x86_64 | 3.0.0 | 182.00 | NOTE | |||
r-release-windows-x86_64 | 3.0.0 | 25.00 | 341.00 | 366.00 | NOTE | |
r-oldrel-macos-arm64 | 3.0.0 | 148.00 | NOTE | |||
r-oldrel-macos-x86_64 | 3.0.0 | 206.00 | NOTE | |||
r-oldrel-windows-x86_64 | 3.0.0 | 22.00 | 340.00 | 362.00 | OK |
Version: 3.0.0
Check: package subdirectories
Result: NOTE
Problems with news in ‘NEWS.md’:
No news entries found.
Flavors: r-devel-linux-x86_64-debian-clang, r-devel-linux-x86_64-debian-gcc, r-devel-linux-x86_64-fedora-clang, r-devel-linux-x86_64-fedora-gcc, r-devel-windows-x86_64, r-patched-linux-x86_64, r-release-linux-x86_64, r-release-macos-arm64, r-release-macos-x86_64, r-release-windows-x86_64
Version: 3.0.0
Check: dependencies in R code
Result: NOTE
Namespaces in Imports field not imported from:
‘MASS’ ‘graphics’ ‘refund’ ‘stats’ ‘utils’
All declared Imports should be used.
Flavors: r-devel-linux-x86_64-fedora-clang, r-devel-linux-x86_64-fedora-gcc, r-oldrel-macos-arm64, r-oldrel-macos-x86_64
Version: 3.0.0
Check: package dependencies
Result: NOTE
Package suggested but not available for checking: ‘GeneralisedCovarianceMeasure’
Flavor: r-release-macos-x86_64