Last updated on 2024-03-27 23:59:45 CET.
Flavor | Version | Tinstall | Tcheck | Ttotal | Status | Flags |
---|---|---|---|---|---|---|
r-devel-linux-x86_64-debian-clang | 1.1.0 | 32.94 | 261.09 | 294.03 | OK | |
r-devel-linux-x86_64-debian-gcc | 1.1.0 | 29.68 | 191.19 | 220.87 | OK | |
r-devel-linux-x86_64-fedora-clang | 1.1.0 | 366.45 | NOTE | |||
r-devel-linux-x86_64-fedora-gcc | 1.1.0 | 365.97 | NOTE | |||
r-devel-windows-x86_64 | 1.1.0 | 28.00 | 215.00 | 243.00 | OK | |
r-patched-linux-x86_64 | 1.1.0 | 33.61 | 255.69 | 289.30 | OK | |
r-release-linux-x86_64 | 1.1.0 | 30.87 | 257.21 | 288.08 | OK | |
r-release-macos-arm64 | 1.1.0 | 119.00 | OK | |||
r-release-macos-x86_64 | 1.1.0 | 179.00 | OK | |||
r-release-windows-x86_64 | 1.1.0 | 38.00 | 276.00 | 314.00 | OK | |
r-oldrel-macos-arm64 | 1.1.0 | 96.00 | NOTE | |||
r-oldrel-windows-x86_64 | 1.1.0 | 39.00 | 280.00 | 319.00 | OK |
Version: 1.1.0
Check: dependencies in R code
Result: NOTE
Namespace in Imports field not imported from: ‘methods’
All declared Imports should be used.
Flavors: r-devel-linux-x86_64-fedora-clang, r-devel-linux-x86_64-fedora-gcc, r-oldrel-macos-arm64
Version: 1.1.0
Check: data for non-ASCII characters
Result: NOTE
Note: found 11 marked UTF-8 strings
Flavors: r-devel-linux-x86_64-fedora-clang, r-devel-linux-x86_64-fedora-gcc, r-oldrel-macos-arm64