Last updated on 2024-03-27 23:59:45 CET.
Flavor | Version | Tinstall | Tcheck | Ttotal | Status | Flags |
---|---|---|---|---|---|---|
r-devel-linux-x86_64-debian-clang | 0.4.1 | 4.55 | 60.33 | 64.88 | WARN | |
r-devel-linux-x86_64-debian-gcc | 0.4.1 | 3.28 | 45.08 | 48.36 | WARN | |
r-devel-linux-x86_64-fedora-clang | 0.4.2 | 49.14 | NOTE | |||
r-devel-linux-x86_64-fedora-gcc | 0.4.2 | 51.36 | NOTE | |||
r-devel-windows-x86_64 | 0.4.1 | 5.00 | 66.00 | 71.00 | WARN | |
r-patched-linux-x86_64 | 0.4.1 | 4.58 | 56.81 | 61.39 | OK | |
r-release-linux-x86_64 | 0.4.1 | 4.31 | 56.32 | 60.63 | WARN | |
r-release-macos-arm64 | 0.4.2 | 58.00 | OK | |||
r-release-macos-x86_64 | 0.4.2 | 90.00 | OK | |||
r-release-windows-x86_64 | 0.4.1 | 8.00 | 73.00 | 81.00 | WARN | |
r-oldrel-macos-arm64 | 0.4.2 | 48.00 | OK | |||
r-oldrel-windows-x86_64 | 0.4.1 | 7.00 | 72.00 | 79.00 | WARN |
Version: 0.4.1
Check: Rd cross-references
Result: WARN
Missing link or links in Rd file 'gisco_countrycode.Rd':
‘[countrycode:countrycode-package]{countrycode::countrycode-package}’
See section 'Cross-references' in the 'Writing R Extensions' manual.
Flavors: r-devel-linux-x86_64-debian-clang, r-devel-linux-x86_64-debian-gcc, r-devel-windows-x86_64
Version: 0.4.2
Check: data for non-ASCII characters
Result: NOTE
Note: found 1178 marked UTF-8 strings
Flavors: r-devel-linux-x86_64-fedora-clang, r-devel-linux-x86_64-fedora-gcc
Version: 0.4.1
Check: Rd cross-references
Result: WARN
Missing link or links in documentation object 'gisco_countrycode.Rd':
‘[countrycode:countrycode-package]{countrycode::countrycode-package}’
See section 'Cross-references' in the 'Writing R Extensions' manual.
Flavors: r-release-linux-x86_64, r-release-windows-x86_64, r-oldrel-windows-x86_64