Last updated on 2024-04-23 16:58:16 CEST.
Flavor | Version | Tinstall | Tcheck | Ttotal | Status | Flags |
---|---|---|---|---|---|---|
r-devel-linux-x86_64-debian-clang | 0.1.2 | 2.95 | 35.75 | 38.70 | OK | |
r-devel-linux-x86_64-debian-gcc | 0.1.2 | 1.93 | 27.02 | 28.95 | OK | |
r-devel-linux-x86_64-fedora-clang | 0.1.2 | 49.01 | OK | |||
r-devel-linux-x86_64-fedora-gcc | 0.1.2 | 60.62 | OK | |||
r-prerel-macos-arm64 | 0.1.2 | 24.00 | ERROR | |||
r-prerel-windows-x86_64 | 0.1.2 | 3.00 | 49.00 | 52.00 | OK | |
r-patched-linux-x86_64 | 0.1.2 | 2.75 | 34.92 | 37.67 | OK | |
r-release-linux-x86_64 | 0.1.2 | 2.41 | 32.88 | 35.29 | OK | |
r-release-macos-arm64 | 0.1.2 | 26.00 | OK | |||
r-release-macos-x86_64 | 0.1.2 | 39.00 | OK | |||
r-release-windows-x86_64 | 0.1.2 | 4.00 | 50.00 | 54.00 | OK | |
r-oldrel-macos-arm64 | 0.1.2 | 20.00 | OK | |||
r-oldrel-windows-x86_64 | 0.1.2 | 4.00 | 54.00 | 58.00 | OK |
Version: 0.1.2
Check: tests
Result: ERROR
Running ‘testthat.R’ [0s/0s]
Running the tests in ‘tests/testthat.R’ failed.
Complete output:
> library(testthat)
> library(gitcreds)
>
> test_check("gitcreds", reporter = "progress")
Error in loadNamespace(x) : there is no package called 'desc'
Calls: test_check ... loadNamespace -> withRestarts -> withOneRestart -> doWithOneRestart
Execution halted
Flavor: r-prerel-macos-arm64