Last updated on 2024-04-18 01:02:54 CEST.
Flavor | Version | Tinstall | Tcheck | Ttotal | Status | Flags |
---|---|---|---|---|---|---|
r-devel-linux-x86_64-debian-clang | 1.0.0 | 5.01 | 60.09 | 65.10 | NOTE | |
r-devel-linux-x86_64-debian-gcc | 1.0.0 | 4.94 | 44.58 | 49.52 | NOTE | |
r-devel-linux-x86_64-fedora-clang | 1.0.0 | 85.20 | NOTE | |||
r-devel-linux-x86_64-fedora-gcc | 1.0.0 | 92.12 | NOTE | |||
r-prerel-macos-arm64 | 1.0.0 | 32.00 | NOTE | |||
r-prerel-windows-x86_64 | 1.0.0 | 6.00 | 67.00 | 73.00 | NOTE | |
r-patched-linux-x86_64 | 1.0.0 | 4.24 | 56.89 | 61.13 | NOTE | |
r-release-linux-x86_64 | 1.0.0 | 3.96 | 55.53 | 59.49 | NOTE | |
r-release-macos-arm64 | 1.0.0 | 36.00 | NOTE | |||
r-release-macos-x86_64 | 1.0.0 | 58.00 | NOTE | |||
r-release-windows-x86_64 | 1.0.0 | 9.00 | 73.00 | 82.00 | NOTE | |
r-oldrel-macos-arm64 | 1.0.0 | 29.00 | NOTE | |||
r-oldrel-windows-x86_64 | 1.0.0 | 9.00 | 76.00 | 85.00 | NOTE |
Version: 1.0.0
Check: LazyData
Result: NOTE
'LazyData' is specified without a 'data' directory
Flavors: r-devel-linux-x86_64-debian-clang, r-devel-linux-x86_64-debian-gcc, r-devel-linux-x86_64-fedora-clang, r-devel-linux-x86_64-fedora-gcc, r-prerel-macos-arm64, r-prerel-windows-x86_64, r-patched-linux-x86_64, r-release-linux-x86_64, r-release-macos-arm64, r-release-macos-x86_64, r-release-windows-x86_64, r-oldrel-macos-arm64, r-oldrel-windows-x86_64
Version: 1.0.0
Check: dependencies in R code
Result: NOTE
Namespaces in Imports field not imported from:
‘Rcpp’ ‘mockery’
All declared Imports should be used.
Flavors: r-devel-linux-x86_64-fedora-clang, r-devel-linux-x86_64-fedora-gcc, r-oldrel-macos-arm64