CRAN Package Check Results for Package gitear

Last updated on 2024-02-29 00:55:41 CET.

Flavor Version Tinstall Tcheck Ttotal Status Flags
r-devel-linux-x86_64-debian-clang 1.0.0 5.80 58.01 63.81 NOTE
r-devel-linux-x86_64-debian-gcc 1.0.0 5.07 43.51 48.58 NOTE
r-devel-linux-x86_64-fedora-clang 1.0.0 80.40 NOTE
r-devel-linux-x86_64-fedora-gcc 1.0.0 86.65 NOTE
r-devel-windows-x86_64 1.0.0 7.00 68.00 75.00 NOTE
r-patched-linux-x86_64 1.0.0 4.36 57.78 62.14 NOTE
r-release-linux-x86_64 1.0.0 3.96 55.91 59.87 NOTE
r-release-macos-arm64 1.0.0 36.00 NOTE
r-release-macos-x86_64 1.0.0 58.00 NOTE
r-release-windows-x86_64 1.0.0 9.00 76.00 85.00 NOTE
r-oldrel-macos-arm64 1.0.0 29.00 NOTE
r-oldrel-windows-x86_64 1.0.0 9.00 76.00 85.00 NOTE

Check Details

Version: 1.0.0
Check: LazyData
Result: NOTE 'LazyData' is specified without a 'data' directory Flavors: r-devel-linux-x86_64-debian-clang, r-devel-linux-x86_64-debian-gcc, r-devel-linux-x86_64-fedora-clang, r-devel-linux-x86_64-fedora-gcc, r-devel-windows-x86_64, r-patched-linux-x86_64, r-release-linux-x86_64, r-release-macos-arm64, r-release-macos-x86_64, r-release-windows-x86_64, r-oldrel-macos-arm64, r-oldrel-windows-x86_64

Version: 1.0.0
Check: dependencies in R code
Result: NOTE Namespaces in Imports field not imported from: ‘Rcpp’ ‘mockery’ All declared Imports should be used. Flavors: r-devel-linux-x86_64-fedora-clang, r-devel-linux-x86_64-fedora-gcc, r-oldrel-macos-arm64